{"id":9450,"date":"2016-12-22T16:55:17","date_gmt":"2016-12-22T15:55:17","guid":{"rendered":"http:\/\/www.klaus-janowitz.de\/wordpress\/?page_id=9450"},"modified":"2024-01-18T19:17:42","modified_gmt":"2024-01-18T18:17:42","slug":"filterblasen-fake-news-und-neue-medienoeffentlichkeiten","status":"publish","type":"page","link":"https:\/\/www.klaus-janowitz.de\/wordpress\/filterblasen-fake-news-und-neue-medienoeffentlichkeiten\/","title":{"rendered":"Filterblasen, Fake News und neue Medien\u00f6ffentlichkeiten"},"content":{"rendered":"<figure id=\"attachment_9453\" aria-describedby=\"caption-attachment-9453\" style=\"width: 293px\" class=\"wp-caption alignright\"><img data-recalc-dims=\"1\" fetchpriority=\"high\" decoding=\"async\" class=\"wp-image-9453\" src=\"https:\/\/i0.wp.com\/www.klaus-janowitz.de\/wordpress\/wp-content\/uploads\/2016\/12\/Tautropfen-300x225.jpg?resize=293%2C220\" width=\"293\" height=\"220\" srcset=\"https:\/\/i0.wp.com\/www.klaus-janowitz.de\/wordpress\/wp-content\/uploads\/2016\/12\/Tautropfen.jpg?resize=300%2C225&amp;ssl=1 300w, https:\/\/i0.wp.com\/www.klaus-janowitz.de\/wordpress\/wp-content\/uploads\/2016\/12\/Tautropfen.jpg?resize=768%2C576&amp;ssl=1 768w, https:\/\/i0.wp.com\/www.klaus-janowitz.de\/wordpress\/wp-content\/uploads\/2016\/12\/Tautropfen.jpg?resize=1024%2C768&amp;ssl=1 1024w, https:\/\/i0.wp.com\/www.klaus-janowitz.de\/wordpress\/wp-content\/uploads\/2016\/12\/Tautropfen.jpg?w=2048&amp;ssl=1 2048w, https:\/\/i0.wp.com\/www.klaus-janowitz.de\/wordpress\/wp-content\/uploads\/2016\/12\/Tautropfen.jpg?w=1575&amp;ssl=1 1575w\" sizes=\"(max-width: 293px) 100vw, 293px\" \/><figcaption id=\"caption-attachment-9453\" class=\"wp-caption-text\">An den Strukturen bilden sich Blasen<\/figcaption><\/figure>\n<p style=\"text-align: justify;\">22\/12\/16\u00a0<a href=\"http:\/\/www.klaus-janowitz.de\/\">kmjan<\/a><br \/>\nDer US- amerikanische Wahlkampf, die Erfolge und die Methoden von Rechtspopulisten haben Diskussionen zum Manipulationspotential im<em> Social Web <\/em>angefacht. Drei Begriffe treten dabei hervor: <em>Filterblase<\/em>, <em>Fake News<\/em> und <em>postfaktisch.\u00a0<\/em><br \/>\n<em>&#8220;Im Internet schenken viele Menschen anderen Meinungen als ihrer eigenen keinen Glauben mehr. Das liegt daran, dass in ihren Social-Media-Kan\u00e4len fast nur noch Meldungen auftauchen, die ihrer Einstellung entsprechen &#8211; sie leben in sogenannten Filterblasen.&#8221; <\/em>Schlie\u00dflich werde selbst der <em>gr\u00f6sste Quatsch<\/em> zur gef\u00fchlten Wahrheit<em> &#8211; <\/em>so die <a href=\"https:\/\/www.tagesschau.de\/multimedia\/kurzerklaert\/kurzerklaert-filterblase-101.html\" target=\"_blank\" rel=\"noopener\">Meinung<\/a> der \u00f6ffentlich- rechtlichen<em>\u00a0<a href=\"https:\/\/www.tagesschau.de\/multimedia\/kurzerklaert\/kurzerklaert-filterblase-101.html\" target=\"_blank\" rel=\"noopener\">Tagesschau<\/a>.\u00a0<\/em>Dass Social Media eine Rolle bei\u00a0der politischen Meinungsbildung spielen ist unbestritten,\u00a0inwieweit aber <strong><em>Filterblasen<\/em><\/strong>\u00a0sogar eine Gefahr f\u00fcr die Demokratie sein sollen, ist sehr fraglich.<br \/>\nDas <em>Social Web<\/em> von heute ist nicht mehr das <em>Web 2.0<\/em> von 2007. Plattformen wie <em>Facebook<\/em>, <em>youtube<\/em>, die selber keine Inhalte produzieren, dominieren das Netz.\u00a0Musste man sich zu\u00a0den Zeiten des <em>Web 2.0<\/em> noch selber eine Menge an Kenntnissen aneignen, b\u00fcndelt <em>Facebook<\/em> Funktionen des <em>Social Web<\/em>\u00a0und macht sie f\u00fcr jeden auf einfache Weise zug\u00e4nglich.\u00a0Die Timeline ist der Einstieg\u00a0in die digitalen Kan\u00e4le, ein personalisiertes Portal, bequem wie eine TV- Fernbedienung.\u00a0Sie verbindet private, meist spontane Kommunikation \u00a0mit Medienangeboten, und bindet die Teilnehmer des <em>Social Web<\/em> in die Online- Werbewirtschaft ein. Was angezeigt wird,\u00a0berechnet ein Algorithmus\u00a0nach den verf\u00fcgbaren Daten (&#8220;<em>Freunde<\/em>&#8220;,\u00a0<em>gelikete<\/em>\u00a0Sites).<br \/>\nNicht mehr TV- Programme oder Zeitschriftentitel konkurrieren untereinander um Aufmerksamkeit, sondern pers\u00f6nliche Kontakte aller Art mit Informationskan\u00e4len aller Art. Dass sich Menschen die Kan\u00e4le w\u00e4hlen, die ihrer Weltsicht entsprechen und denen sie sich verbunden f\u00fchlen, ist naheliegend. Filterblasen hat es in allen Medienepochen gegeben, meist verst\u00e4rkt durch den sozialen Druck, sich\u00a0an bestimmten normativen Mustern zu orientieren.<\/p>\n<figure id=\"attachment_6646\" aria-describedby=\"caption-attachment-6646\" style=\"width: 300px\" class=\"wp-caption alignleft\"><a href=\"https:\/\/i0.wp.com\/www.klaus-janowitz.de\/wordpress\/wp-content\/uploads\/2015\/09\/10.gif?ssl=1\"><img data-recalc-dims=\"1\" decoding=\"async\" class=\"wp-image-6646 size-medium\" src=\"https:\/\/i0.wp.com\/www.klaus-janowitz.de\/wordpress\/wp-content\/uploads\/2015\/09\/10.gif?resize=300%2C254&#038;ssl=1\" alt=\"\" width=\"300\" height=\"254\" \/><\/a><figcaption id=\"caption-attachment-6646\" class=\"wp-caption-text\">Digitale Medien\u00f6ffentlichkeiten sind \u201cvolatil\u201d<\/figcaption><\/figure>\n<p style=\"text-align: justify;\">Tats\u00e4chlich ver\u00e4ndert hat sich die Genese\u00a0von \u00d6ffentlichkeiten und Formen der Vergemeinschaftung.<br \/>\nMedien\u00f6ffentlichkeiten waren \u00a0lange Zeit fast nur als <em>Sender-zu-Empf\u00e4nger<\/em> Figurationen verbreitet. Von der Verbreitung\u00a0der Zeitung im 19. Jh., des Radios seit den 20er Jahren und sp\u00e4ter des Fernsehens als <em>Massenmedien<\/em>. Das Berufsbild des Journalisten mit einer Verpflichtung zu Objektivit\u00e4t und der Pr\u00fcfung von Tatsachen hat sich daran herausgebildet. Viele Subkulturen kannten hingegen immer Medien\u00f6ffentlichkeiten mit wechselnden Rollen.<br \/>\n<strong>Digitale Medien\u00f6ffentlichkeiten<\/strong> schwanken in ihren\u00a0Zusammensetzungen. <a href=\"http:\/\/www.klaus-janowitz.de\/wordpress\/consociality-eine-hashtag-soziologie\/\"><em>Consozialit\u00e4t<\/em><\/a>\u00a0ist ein Prinzip: Menschen, die gemeinsame Interessen oder Leidenschaften teilen, finden und verbinden sich &#8211; ein gemeinsamer #<em>hashtag<\/em>. Das <em>Social Web<\/em> verbindet jede, in anderen Zusammenh\u00e4ngen minorit\u00e4re Position, vermittelt das Gef\u00fchl mit seiner Ansicht nicht allein zu stehen. <span class=\"st\">Digitale Medien\u00f6ffentlichkeiten folgen den Mustern von <em>Konnektivit\u00e4t und Personalisierung.\u00a0Konnektivit\u00e4t <\/em>ist\u00a0<\/span>Voraussetzung<em>:<\/em>\u00a0die M\u00f6glichkeit, dass sich jeder Teilnehmer des Social Web mit jedem anderen und auch jeder anderen Teil\u00f6ffentlichkeit verbinden kann. <em>Personalisierung<\/em> bedeutet deren jeweils passende Adressierung \u2013 meist\u00a0von Algorithmen gesteuert.<br \/>\nIm Netz gibt es keine Instanz, die die Wahrhaftigkeit von Nachrichten \u00fcberpr\u00fcft, Ger\u00fcchte und <strong><em>Fake News <\/em><\/strong>k\u00f6nnen sich auf viralem Wege verbreiten, dort, wo sie ihren Boden finden. Genauso vertreten sind aber auch die\u00a0Medien<em>marken<\/em>, \u00f6ffentlich- rechtliche und das Quartett <em>Spiegel<\/em>, <em>Zeit<\/em>, <em>S\u00fcddeutsche<\/em>, <em>FAZ, <\/em>im deutschsprachige Raum \u00fcberraschend wenige\u00a0ohne langj\u00e4hrigen Offline- Medien Hintergrund. Es gibt eine F\u00fclle von M\u00f6glichkeiten, die Plausibilit\u00e4t von Nachrichten und Einsch\u00e4tzungen zu pr\u00fcfen. Wo\u00a0gezielte Fehlinformationen, Verleumdung und Verhetzung stattfinden, greift zivilgesellschaftliches Handeln &#8211; letztlich auch die Justiz.<\/p>\n<p style=\"text-align: justify;\">Bleibt <strong><em>postfaktisch<\/em><\/strong> &#8211; ob das Wort die aktuelle Diskussion \u00fcberlebt ist eine Frage.\u00a0<em>Soziale Medien<\/em>\u00a0machen die \u00f6ffentliche Kommunikation direkter, spontaner, pers\u00f6nlicher &#8211; damit steigt\u00a0die Bedeutung der gef\u00fchlten Lage. Subjektive, <em>gef\u00fchlte Wirklichkeit <\/em>wird zum Thema<em>.\u00a0<\/em>Und es\u00a0entwickeln sich daran politische Strategien, die austesten, was gesagt, behauptet und als <em>gef\u00fchlte Tatsache<\/em> eingebracht werden kann.<br \/>\nDass\u00a0<em>Soziale Medien\u00a0<\/em>eine <em>politische Spaltung\u00a0versch\u00e4rfen <\/em>ist eine steile Behauptung. Nachgelassen hat jedenfalls die Bindungskraft der grossen Organisationen: Kirchen, Parteien, Gewerkschaften und auch der lange Zeit vorherrschenden, redaktionellen Medien &#8211; Gesellschaft ist volatiler geworden.<\/p>\n<p><!-- Piwik --><br \/>\n<script type=\"text\/javascript\">\n  var _paq = _paq || [];\n  \/\/ tracker methods like \"setCustomDimension\" should be called before \"trackPageView\"\n  _paq.push(['trackPageView']);\n  _paq.push(['enableLinkTracking']);\n  (function() {\n    var u=\"\/\/www.klaus-janowitz.de\/piwik\/\";\n    _paq.push(['setTrackerUrl', u+'piwik.php']);\n    _paq.push(['setSiteId', '1']);\n    var d=document, g=d.createElement('script'), s=d.getElementsByTagName('script')[0];\n    g.type='text\/javascript'; g.async=true; g.defer=true; g.src=u+'piwik.js'; s.parentNode.insertBefore(g,s);\n  })();\n<\/script><br \/>\n<!-- End Piwik Code --><\/p>\n","protected":false},"excerpt":{"rendered":"<p>22\/12\/16\u00a0kmjan Der US- amerikanische Wahlkampf, die Erfolge und die Methoden von Rechtspopulisten haben Diskussionen zum Manipulationspotential im Social Web angefacht. Drei Begriffe treten dabei hervor: Filterblase, Fake News und postfaktisch.\u00a0 &#8220;Im Internet schenken viele Menschen anderen Meinungen als ihrer eigenen keinen Glauben mehr. Das liegt daran, dass in ihren Social-Media-Kan\u00e4len fast nur noch Meldungen auftauchen, &hellip; <\/p>\n<p class=\"link-more\"><a href=\"https:\/\/www.klaus-janowitz.de\/wordpress\/filterblasen-fake-news-und-neue-medienoeffentlichkeiten\/\" class=\"more-link\"><span class=\"screen-reader-text\">\u201eFilterblasen, Fake News und neue Medien\u00f6ffentlichkeiten\u201c <\/span>weiterlesen<\/a><\/p>\n","protected":false},"author":1,"featured_media":0,"parent":0,"menu_order":0,"comment_status":"closed","ping_status":"closed","template":"","meta":{"jetpack_post_was_ever_published":false,"activitypub_content_warning":"","activitypub_content_visibility":"","activitypub_max_image_attachments":4,"activitypub_interaction_policy_quote":"","activitypub_status":"","footnotes":""},"class_list":["post-9450","page","type-page","status-publish","hentry"],"yoast_head":"<!-- This site is optimized with the Yoast SEO plugin v27.4 - https:\/\/yoast.com\/product\/yoast-seo-wordpress\/ -->\n<title>Filterblasen, Fake News und neue Medien\u00f6ffentlichkeiten - Netnographie &amp; Digitaler Wandel<\/title>\n<meta name=\"robots\" content=\"index, follow, max-snippet:-1, max-image-preview:large, max-video-preview:-1\" \/>\n<link rel=\"canonical\" href=\"https:\/\/www.klaus-janowitz.de\/wordpress\/filterblasen-fake-news-und-neue-medienoeffentlichkeiten\/\" \/>\n<meta property=\"og:locale\" content=\"de_DE\" \/>\n<meta property=\"og:type\" content=\"article\" \/>\n<meta property=\"og:title\" content=\"Filterblasen, Fake News und neue Medien\u00f6ffentlichkeiten - Netnographie &amp; Digitaler Wandel\" \/>\n<meta property=\"og:description\" content=\"22\/12\/16\u00a0kmjan Der US- amerikanische Wahlkampf, die Erfolge und die Methoden von Rechtspopulisten haben Diskussionen zum Manipulationspotential im Social Web angefacht. Drei Begriffe treten dabei hervor: Filterblase, Fake News und postfaktisch.\u00a0 &#8220;Im Internet schenken viele Menschen anderen Meinungen als ihrer eigenen keinen Glauben mehr. Das liegt daran, dass in ihren Social-Media-Kan\u00e4len fast nur noch Meldungen auftauchen, &hellip; \u201eFilterblasen, Fake News und neue Medien\u00f6ffentlichkeiten\u201c weiterlesen\" \/>\n<meta property=\"og:url\" content=\"https:\/\/www.klaus-janowitz.de\/wordpress\/filterblasen-fake-news-und-neue-medienoeffentlichkeiten\/\" \/>\n<meta property=\"og:site_name\" content=\"Netnographie &amp; Digitaler Wandel\" \/>\n<meta property=\"article:modified_time\" content=\"2024-01-18T18:17:42+00:00\" \/>\n<meta property=\"og:image\" content=\"http:\/\/www.klaus-janowitz.de\/wordpress\/wp-content\/uploads\/2016\/12\/Tautropfen-300x225.jpg\" \/>\n<meta name=\"twitter:card\" content=\"summary_large_image\" \/>\n<meta name=\"twitter:label1\" content=\"Gesch\u00e4tzte Lesezeit\" \/>\n\t<meta name=\"twitter:data1\" content=\"4\u00a0Minuten\" \/>\n<script type=\"application\/ld+json\" class=\"yoast-schema-graph\">{\"@context\":\"https:\\\/\\\/schema.org\",\"@graph\":[{\"@type\":\"WebPage\",\"@id\":\"https:\\\/\\\/www.klaus-janowitz.de\\\/wordpress\\\/filterblasen-fake-news-und-neue-medienoeffentlichkeiten\\\/\",\"url\":\"https:\\\/\\\/www.klaus-janowitz.de\\\/wordpress\\\/filterblasen-fake-news-und-neue-medienoeffentlichkeiten\\\/\",\"name\":\"Filterblasen, Fake News und neue Medien\u00f6ffentlichkeiten - Netnographie &amp; Digitaler Wandel\",\"isPartOf\":{\"@id\":\"https:\\\/\\\/www.klaus-janowitz.de\\\/wordpress\\\/#website\"},\"primaryImageOfPage\":{\"@id\":\"https:\\\/\\\/www.klaus-janowitz.de\\\/wordpress\\\/filterblasen-fake-news-und-neue-medienoeffentlichkeiten\\\/#primaryimage\"},\"image\":{\"@id\":\"https:\\\/\\\/www.klaus-janowitz.de\\\/wordpress\\\/filterblasen-fake-news-und-neue-medienoeffentlichkeiten\\\/#primaryimage\"},\"thumbnailUrl\":\"http:\\\/\\\/www.klaus-janowitz.de\\\/wordpress\\\/wp-content\\\/uploads\\\/2016\\\/12\\\/Tautropfen-300x225.jpg\",\"datePublished\":\"2016-12-22T15:55:17+00:00\",\"dateModified\":\"2024-01-18T18:17:42+00:00\",\"breadcrumb\":{\"@id\":\"https:\\\/\\\/www.klaus-janowitz.de\\\/wordpress\\\/filterblasen-fake-news-und-neue-medienoeffentlichkeiten\\\/#breadcrumb\"},\"inLanguage\":\"de\",\"potentialAction\":[{\"@type\":\"ReadAction\",\"target\":[\"https:\\\/\\\/www.klaus-janowitz.de\\\/wordpress\\\/filterblasen-fake-news-und-neue-medienoeffentlichkeiten\\\/\"]}]},{\"@type\":\"ImageObject\",\"inLanguage\":\"de\",\"@id\":\"https:\\\/\\\/www.klaus-janowitz.de\\\/wordpress\\\/filterblasen-fake-news-und-neue-medienoeffentlichkeiten\\\/#primaryimage\",\"url\":\"http:\\\/\\\/www.klaus-janowitz.de\\\/wordpress\\\/wp-content\\\/uploads\\\/2016\\\/12\\\/Tautropfen-300x225.jpg\",\"contentUrl\":\"http:\\\/\\\/www.klaus-janowitz.de\\\/wordpress\\\/wp-content\\\/uploads\\\/2016\\\/12\\\/Tautropfen-300x225.jpg\"},{\"@type\":\"BreadcrumbList\",\"@id\":\"https:\\\/\\\/www.klaus-janowitz.de\\\/wordpress\\\/filterblasen-fake-news-und-neue-medienoeffentlichkeiten\\\/#breadcrumb\",\"itemListElement\":[{\"@type\":\"ListItem\",\"position\":1,\"name\":\"Startseite\",\"item\":\"https:\\\/\\\/www.klaus-janowitz.de\\\/wordpress\\\/\"},{\"@type\":\"ListItem\",\"position\":2,\"name\":\"Filterblasen, Fake News und neue Medien\u00f6ffentlichkeiten\"}]},{\"@type\":\"WebSite\",\"@id\":\"https:\\\/\\\/www.klaus-janowitz.de\\\/wordpress\\\/#website\",\"url\":\"https:\\\/\\\/www.klaus-janowitz.de\\\/wordpress\\\/\",\"name\":\"Netnographie &amp; Digitaler Wandel\",\"description\":\"Blog rund um die Themen Netnographie, Online-Kultur und Digitalen Wandel\",\"potentialAction\":[{\"@type\":\"SearchAction\",\"target\":{\"@type\":\"EntryPoint\",\"urlTemplate\":\"https:\\\/\\\/www.klaus-janowitz.de\\\/wordpress\\\/?s={search_term_string}\"},\"query-input\":{\"@type\":\"PropertyValueSpecification\",\"valueRequired\":true,\"valueName\":\"search_term_string\"}}],\"inLanguage\":\"de\"}]}<\/script>\n<!-- \/ Yoast SEO plugin. -->","yoast_head_json":{"title":"Filterblasen, Fake News und neue Medien\u00f6ffentlichkeiten - Netnographie &amp; Digitaler Wandel","robots":{"index":"index","follow":"follow","max-snippet":"max-snippet:-1","max-image-preview":"max-image-preview:large","max-video-preview":"max-video-preview:-1"},"canonical":"https:\/\/www.klaus-janowitz.de\/wordpress\/filterblasen-fake-news-und-neue-medienoeffentlichkeiten\/","og_locale":"de_DE","og_type":"article","og_title":"Filterblasen, Fake News und neue Medien\u00f6ffentlichkeiten - Netnographie &amp; Digitaler Wandel","og_description":"22\/12\/16\u00a0kmjan Der US- amerikanische Wahlkampf, die Erfolge und die Methoden von Rechtspopulisten haben Diskussionen zum Manipulationspotential im Social Web angefacht. Drei Begriffe treten dabei hervor: Filterblase, Fake News und postfaktisch.\u00a0 &#8220;Im Internet schenken viele Menschen anderen Meinungen als ihrer eigenen keinen Glauben mehr. Das liegt daran, dass in ihren Social-Media-Kan\u00e4len fast nur noch Meldungen auftauchen, &hellip; \u201eFilterblasen, Fake News und neue Medien\u00f6ffentlichkeiten\u201c weiterlesen","og_url":"https:\/\/www.klaus-janowitz.de\/wordpress\/filterblasen-fake-news-und-neue-medienoeffentlichkeiten\/","og_site_name":"Netnographie &amp; Digitaler Wandel","article_modified_time":"2024-01-18T18:17:42+00:00","og_image":[{"url":"http:\/\/www.klaus-janowitz.de\/wordpress\/wp-content\/uploads\/2016\/12\/Tautropfen-300x225.jpg","type":"","width":"","height":""}],"twitter_card":"summary_large_image","twitter_misc":{"Gesch\u00e4tzte Lesezeit":"4\u00a0Minuten"},"schema":{"@context":"https:\/\/schema.org","@graph":[{"@type":"WebPage","@id":"https:\/\/www.klaus-janowitz.de\/wordpress\/filterblasen-fake-news-und-neue-medienoeffentlichkeiten\/","url":"https:\/\/www.klaus-janowitz.de\/wordpress\/filterblasen-fake-news-und-neue-medienoeffentlichkeiten\/","name":"Filterblasen, Fake News und neue Medien\u00f6ffentlichkeiten - Netnographie &amp; Digitaler Wandel","isPartOf":{"@id":"https:\/\/www.klaus-janowitz.de\/wordpress\/#website"},"primaryImageOfPage":{"@id":"https:\/\/www.klaus-janowitz.de\/wordpress\/filterblasen-fake-news-und-neue-medienoeffentlichkeiten\/#primaryimage"},"image":{"@id":"https:\/\/www.klaus-janowitz.de\/wordpress\/filterblasen-fake-news-und-neue-medienoeffentlichkeiten\/#primaryimage"},"thumbnailUrl":"http:\/\/www.klaus-janowitz.de\/wordpress\/wp-content\/uploads\/2016\/12\/Tautropfen-300x225.jpg","datePublished":"2016-12-22T15:55:17+00:00","dateModified":"2024-01-18T18:17:42+00:00","breadcrumb":{"@id":"https:\/\/www.klaus-janowitz.de\/wordpress\/filterblasen-fake-news-und-neue-medienoeffentlichkeiten\/#breadcrumb"},"inLanguage":"de","potentialAction":[{"@type":"ReadAction","target":["https:\/\/www.klaus-janowitz.de\/wordpress\/filterblasen-fake-news-und-neue-medienoeffentlichkeiten\/"]}]},{"@type":"ImageObject","inLanguage":"de","@id":"https:\/\/www.klaus-janowitz.de\/wordpress\/filterblasen-fake-news-und-neue-medienoeffentlichkeiten\/#primaryimage","url":"http:\/\/www.klaus-janowitz.de\/wordpress\/wp-content\/uploads\/2016\/12\/Tautropfen-300x225.jpg","contentUrl":"http:\/\/www.klaus-janowitz.de\/wordpress\/wp-content\/uploads\/2016\/12\/Tautropfen-300x225.jpg"},{"@type":"BreadcrumbList","@id":"https:\/\/www.klaus-janowitz.de\/wordpress\/filterblasen-fake-news-und-neue-medienoeffentlichkeiten\/#breadcrumb","itemListElement":[{"@type":"ListItem","position":1,"name":"Startseite","item":"https:\/\/www.klaus-janowitz.de\/wordpress\/"},{"@type":"ListItem","position":2,"name":"Filterblasen, Fake News und neue Medien\u00f6ffentlichkeiten"}]},{"@type":"WebSite","@id":"https:\/\/www.klaus-janowitz.de\/wordpress\/#website","url":"https:\/\/www.klaus-janowitz.de\/wordpress\/","name":"Netnographie &amp; Digitaler Wandel","description":"Blog rund um die Themen Netnographie, Online-Kultur und Digitalen Wandel","potentialAction":[{"@type":"SearchAction","target":{"@type":"EntryPoint","urlTemplate":"https:\/\/www.klaus-janowitz.de\/wordpress\/?s={search_term_string}"},"query-input":{"@type":"PropertyValueSpecification","valueRequired":true,"valueName":"search_term_string"}}],"inLanguage":"de"}]}},"jetpack_sharing_enabled":true,"jetpack_shortlink":"https:\/\/wp.me\/P15Wn2-2sq","jetpack_likes_enabled":true,"jetpack-related-posts":[{"id":11433,"url":"https:\/\/www.klaus-janowitz.de\/wordpress\/10-gruende-social-media-accounts-zu-loeschen-rezension\/","url_meta":{"origin":9450,"position":0},"title":"10 Gr\u00fcnde &#8230; Social Media Accounts zu l\u00f6schen (Rezension)","author":"KlausMJan","date":"28. August 2018","format":false,"excerpt":"25\/08\/18\u00a0kmjan Im letzten Blogbeitrag 10 Jahre Social Media kam ich bereits auf das Buch von Jaron Lanier zu sprechen. Zehn Gr\u00fcnde - B\u00fccher\u00a0sind an sich eine Unterabteilung der Ratgeberbranche. Meist geht es um einen zu unternehmenden, entscheidenden Schritt in der Lebensgestaltung, zu dem dann 10 Gr\u00fcnde abgearbeitet werden. Was Jaron\u2026","rel":"","context":"\u00c4hnlicher Beitrag","block_context":{"text":"\u00c4hnlicher Beitrag","link":""},"img":{"alt_text":"","src":"https:\/\/i0.wp.com\/www.klaus-janowitz.de\/wordpress\/wp-content\/uploads\/2018\/07\/Jaron_Lanier-1-195x300.jpeg?resize=350%2C200","width":350,"height":200},"classes":[]},{"id":11145,"url":"https:\/\/www.klaus-janowitz.de\/wordpress\/10-jahre-social-media-2018\/","url_meta":{"origin":9450,"position":1},"title":"10 Jahre Social Media (2018)","author":"KlausMJan","date":"14. August 2018","format":false,"excerpt":"13\/08\/18\u00a0kmjan Social Media (immer im Plural) sind seit gut 10 Jahren Thema. Damals\u00a0 hatte der Begriff\u00a0 den des Web 2.0 abgel\u00f6st. Web 2.0 war partizipativ konnotiert,\u00a0\u00a0Kennzeichen der Social Media ist User Generated Content auf einer von Betreibern bereitgestellten Plattform. Und letztlich bestimmen die Betreiber auch die Regeln. Teilhabe am Social\u2026","rel":"","context":"\u00c4hnlicher Beitrag","block_context":{"text":"\u00c4hnlicher Beitrag","link":""},"img":{"alt_text":"","src":"https:\/\/i0.wp.com\/www.klaus-janowitz.de\/wordpress\/wp-content\/uploads\/2018\/08\/SocialMediaMap_18_thumb.jpg?resize=350%2C200","width":350,"height":200},"classes":[]},{"id":17326,"url":"https:\/\/www.klaus-janowitz.de\/wordpress\/facebook-the-insite-story-rev\/","url_meta":{"origin":9450,"position":2},"title":"Facebook &#8211; The Inside Story (Rev.)","author":"KlausMJan","date":"16. Juli 2020","format":false,"excerpt":"16\/07\/20 kmjan Gegen\u00fcber dem n\u00fcchterneren Original Facebook - The Inside Story klingt der deutsche Titel Facebook- Weltmacht am Abgrund\u00a0reisserisch, h\u00e4lt manche wohl eher vom Kauf ab. Das Buch erschien\u00a0 im Februar 2020, kurz vor der Corona- Krise. Autor Stephen Levy ist Technik-Redakteur, Kolumnist und Senior Editor (Wired, Newsweek). Das Buch\u2026","rel":"","context":"\u00c4hnlicher Beitrag","block_context":{"text":"\u00c4hnlicher Beitrag","link":""},"img":{"alt_text":"","src":"https:\/\/i0.wp.com\/www.klaus-janowitz.de\/wordpress\/wp-content\/uploads\/2020\/07\/Facebook_Titel-196x300.jpg?resize=350%2C200&ssl=1","width":350,"height":200},"classes":[]},{"id":7174,"url":"https:\/\/www.klaus-janowitz.de\/wordpress\/machtbalance-und-figuration\/","url_meta":{"origin":9450,"position":3},"title":"Machtbalance,  Figuration und digitaler Wandel","author":"KlausMJan","date":"20. Dezember 2015","format":false,"excerpt":"28\/12\/15\u00a0kmjan In einem der letzten Beitr\u00e4ge hatte ich den digitalen Wandel in die Perspektive der Zivilisationstheorie\u00a0von Norbert Elias gestellt. Digitaler Wandel l\u00e4sst sich so als ein langfristiger Prozess verstehen, in dem technologische und gesellschaftliche Entwicklungen miteinander verkn\u00fcpft sind. Digitaler Wandel bedeutet nicht, dass bestehende Strukturen in ein neues Format \u00fcbersetzt\u2026","rel":"","context":"\u00c4hnlicher Beitrag","block_context":{"text":"\u00c4hnlicher Beitrag","link":""},"img":{"alt_text":"","src":"https:\/\/i0.wp.com\/www.klaus-janowitz.de\/wordpress\/wp-content\/uploads\/2011\/01\/elias.jpg?resize=350%2C200&ssl=1","width":350,"height":200},"classes":[]},{"id":244,"url":"https:\/\/www.klaus-janowitz.de\/wordpress\/netnocamp-revisited\/","url_meta":{"origin":9450,"position":4},"title":"Netnocamp revisited","author":"KlausMJan","date":"6. Oktober 2010","format":false,"excerpt":"&lt;img src=\"http:\/\/www.klaus-janowitz.de\/piwik\/piwik.php?idsite=1\" style=\"border:0\" alt=\"\" \/&gt;&lt;br \/&gt;06\/10\/10\u00a0kmjan Am 17.09. fand im Rahmen der Internetwoche K\u00f6ln das Netnocamp als erstes Barcamp zu Netnographie und Web-Monitoring statt \u201e...eine international besetzte offene Tagung zum Thema qualitative Forschung im Social Web\u201c - so beschreibt die IHK K\u00f6ln in Ihrem Newsletter das Netnocamp. Mit einer solchen\u2026","rel":"","context":"Mit 1 Kommentar","block_context":{"text":"Mit 1 Kommentar","link":"https:\/\/www.klaus-janowitz.de\/wordpress\/netnocamp-revisited\/#comments"},"img":{"alt_text":"","src":"https:\/\/i0.wp.com\/www.klaus-janowitz.de\/wordpress\/wp-content\/uploads\/2010\/12\/NetnoCamp_Logo2.jpg?resize=350%2C200","width":350,"height":200},"classes":[]},{"id":389,"url":"https:\/\/www.klaus-janowitz.de\/wordpress\/qualitative-online-forschung\/","url_meta":{"origin":9450,"position":5},"title":"Qualitative Online-Forschung","author":"KlausMJan","date":"30. Januar 2011","format":false,"excerpt":"30\/01\/11\u00a0kmjan Mit der Nutzungsevolution zum Social Web steigt das Interesse an\u00a0qualitativen Online-Methoden. Qualitative Forschung zieht ihre Erkenntnisse aus der Analyse von Einzelf\u00e4llen, sie geht zumeist induktiv vor, d.h\u00a0der Forscher \u201eh\u00f6rt \u00a0zu\u201c - er bezieht Erkenntnisse und entwickelt Theorie aus den Einblicken, die das vorhandene Material gew\u00e4hrt. Zuh\u00f6ren - listening hei\u00dft\u2026","rel":"","context":"\u00c4hnlicher Beitrag","block_context":{"text":"\u00c4hnlicher Beitrag","link":""},"img":{"alt_text":"","src":"https:\/\/i0.wp.com\/www.klaus-janowitz.de\/wordpress\/wp-content\/uploads\/2011\/01\/schatten1.jpg?resize=350%2C200","width":350,"height":200,"srcset":"https:\/\/i0.wp.com\/www.klaus-janowitz.de\/wordpress\/wp-content\/uploads\/2011\/01\/schatten1.jpg?resize=350%2C200 1x, https:\/\/i0.wp.com\/www.klaus-janowitz.de\/wordpress\/wp-content\/uploads\/2011\/01\/schatten1.jpg?resize=525%2C300 1.5x"},"classes":[]}],"_links":{"self":[{"href":"https:\/\/www.klaus-janowitz.de\/wordpress\/wp-json\/wp\/v2\/pages\/9450","targetHints":{"allow":["GET"]}}],"collection":[{"href":"https:\/\/www.klaus-janowitz.de\/wordpress\/wp-json\/wp\/v2\/pages"}],"about":[{"href":"https:\/\/www.klaus-janowitz.de\/wordpress\/wp-json\/wp\/v2\/types\/page"}],"author":[{"embeddable":true,"href":"https:\/\/www.klaus-janowitz.de\/wordpress\/wp-json\/wp\/v2\/users\/1"}],"replies":[{"embeddable":true,"href":"https:\/\/www.klaus-janowitz.de\/wordpress\/wp-json\/wp\/v2\/comments?post=9450"}],"version-history":[{"count":68,"href":"https:\/\/www.klaus-janowitz.de\/wordpress\/wp-json\/wp\/v2\/pages\/9450\/revisions"}],"predecessor-version":[{"id":84176,"href":"https:\/\/www.klaus-janowitz.de\/wordpress\/wp-json\/wp\/v2\/pages\/9450\/revisions\/84176"}],"wp:attachment":[{"href":"https:\/\/www.klaus-janowitz.de\/wordpress\/wp-json\/wp\/v2\/media?parent=9450"}],"curies":[{"name":"wp","href":"https:\/\/api.w.org\/{rel}","templated":true}]}}