{"id":8031,"date":"2016-04-10T22:20:34","date_gmt":"2016-04-10T20:20:34","guid":{"rendered":"http:\/\/www.klaus-janowitz.de\/wordpress\/?page_id=8031"},"modified":"2016-07-09T00:15:17","modified_gmt":"2016-07-08T22:15:17","slug":"resonanz-eine-soziologie-der-weltbeziehung-rez","status":"publish","type":"page","link":"https:\/\/www.klaus-janowitz.de\/wordpress\/resonanz-eine-soziologie-der-weltbeziehung-rez\/","title":{"rendered":"Resonanz -Eine Soziologie der Weltbeziehung (Rez.)"},"content":{"rendered":"<p style=\"text-align: justify;\">12\/04\/16\u00a0<a style=\"color: #743399;\" href=\"http:\/\/www.klaus-janowitz.de\/\">kmjan<\/a>\u00a0<em><br \/>\n<img data-recalc-dims=\"1\" fetchpriority=\"high\" decoding=\"async\" class=\"alignleft wp-image-8032 \" src=\"https:\/\/i0.wp.com\/www.klaus-janowitz.de\/wordpress\/wp-content\/uploads\/2016\/04\/resonanz-181x300.jpg?resize=192%2C318\" alt=\"\" width=\"192\" height=\"318\" srcset=\"https:\/\/i0.wp.com\/www.klaus-janowitz.de\/wordpress\/wp-content\/uploads\/2016\/04\/resonanz.jpg?resize=181%2C300&amp;ssl=1 181w, https:\/\/i0.wp.com\/www.klaus-janowitz.de\/wordpress\/wp-content\/uploads\/2016\/04\/resonanz.jpg?w=299&amp;ssl=1 299w\" sizes=\"(max-width: 192px) 100vw, 192px\" \/><\/em>Nur alle\u00a0Jahre wieder erreichen\u00a0soziologische Titel eine gr\u00f6\u00dfere \u00f6ffentliche <em>Resonanz<\/em> &#8211; und noch seltener schaffen sie es\u00a0in die Charts. Bezeichnenderweise oft solche, die von\u00a0einem einzelnen Begriff aus das Gef\u00fcge moderner\u00a0Gesellschaft aufrollen:\u00a0<em>Risiko<\/em>gesellschaft, <em>Erlebnis<\/em>gesellschaft\u00a0&#8211; und in dem vorliegenden Buch\u00a0geht es darum\u00a0<em><strong>Resonanz<\/strong><\/em> als Grundbegriff einer\u00a0<strong>Soziologie der Weltbeziehung<\/strong>\u00a0zu entwickeln<em>.<\/em>\u00a0Das Buch erschien vor wenigen Wochen, im M\u00e4rz 2016. Autor Hartmut Rosa ist\u00a0Professor f\u00fcr Soziologie in Jena.\u00a0Bekannt wurde er mit seiner Habilitationsschrift\u00a0zur sozialen Beschleunigung (<span style=\"font-size: small; line-height: 2px;\">2004\/05:\u00a0Beschleunigung. Die Ver\u00e4nderung der Zeitstrukturen in der Moderne).<\/span> Seitdem\u00a0wird er oft mit dem Begriff <em>Entschleunigung<\/em> in Verbindung gebracht.<br \/>\n&#8220;<em>Wenn Beschleunigung das Problem ist, dann ist Resonanz vielleicht die L\u00f6sung<\/em>&#8220;- so beginnt das Buch und beabsichtigt ist\u00a0eine\u00a0<em>Soziologie des gelingenden Lebens.<\/em><\/p>\n<p style=\"text-align: justify;\">Das grundlegende Verst\u00e4ndnis ist nachvollziehbar\u00a0und\u00a0einfach erkl\u00e4rt: <em>Resonanz<\/em>\u00a0macht die <em>Verbundenheit mit der Welt<\/em> f\u00fchlbar und erlebbar. Fehlt sie, f\u00fchlen wir uns fremd.<\/p>\n<p style=\"text-align: justify;\">In mehreren Kapiteln\u00a0geht es um die F\u00fclle\u00a0der Formen, in denen wir eine Beziehung zur Welt herstellen &#8211; von der leiblichen Basis und ihrem Ausdruck (atmen, essen und trinken, Stimme, Blick, Gesicht etc.), der Weltaneignung und Welterfahrung zu kulturell ausdifferenzierten Weltbildern. Es geht um\u00a0konkrete Erfahrungs- und Handlungssph\u00e4ren, wie Familie und Politik, Arbeit und Sport, und um die Verhei\u00dfung von\u00a0Religion und Kunst. Bemerkenswert ist die\u00a0Einlassung\u00a0zur Religion als <em>Vorstellung einer antwortenden<\/em> (d.h. <em>resonanten<\/em>) <em>Welt<\/em> (S.\u00a0435). In diesem Sinne verspricht Religion die &#8220;<em>Gew\u00e4hr, dass die Ur-und Grundform des Daseins eine Resonanz- und keine Entfremdungsbeziehung ist<\/em>&#8221; (S. 435).<br \/>\nGenerell bedeuten resonante Beziehungen eine Form des In-Beziehung-Tretens, die uns ber\u00fchrt und bewegt, in denen wir aber auch\u00a0eine Erfahrung der <a href=\"https:\/\/de.wikipedia.org\/wiki\/Selbstwirksamkeitserwartung\" target=\"_blank\">Selbstwirksamkeit <\/a>machen.\u00a0<em>Resonanzachsen<\/em>\u00a0bezeichnet die bevorzugte Ausrichtung auf bestimmte Bezugsfelder.<\/p>\n<figure id=\"attachment_8075\" aria-describedby=\"caption-attachment-8075\" style=\"width: 280px\" class=\"wp-caption alignright\"><img data-recalc-dims=\"1\" decoding=\"async\" class=\"wp-image-8075\" src=\"https:\/\/i0.wp.com\/www.klaus-janowitz.de\/wordpress\/wp-content\/uploads\/2016\/04\/imRahmen-300x291.jpg?resize=280%2C272\" alt=\"Streben nach Resonanz - Bildquelle: photocase.de- kallejipp\" width=\"280\" height=\"272\" srcset=\"https:\/\/i0.wp.com\/www.klaus-janowitz.de\/wordpress\/wp-content\/uploads\/2016\/04\/imRahmen.jpg?resize=300%2C291&amp;ssl=1 300w, https:\/\/i0.wp.com\/www.klaus-janowitz.de\/wordpress\/wp-content\/uploads\/2016\/04\/imRahmen.jpg?resize=768%2C746&amp;ssl=1 768w, https:\/\/i0.wp.com\/www.klaus-janowitz.de\/wordpress\/wp-content\/uploads\/2016\/04\/imRahmen.jpg?w=775&amp;ssl=1 775w\" sizes=\"(max-width: 280px) 100vw, 280px\" \/><figcaption id=\"caption-attachment-8075\" class=\"wp-caption-text\">Streben nach Resonanz &#8212; Bildquelle: photocase.de- kallejipp<\/figcaption><\/figure>\n<p style=\"text-align: justify;\">Digitalisierung kommt h\u00f6chstens am Rande\u00a0vor, mit dem Stichwort <em>Reichweitenvergr\u00f6\u00dferung<\/em>. In einigen aktuellen Interviews \u00e4u\u00dfert sich Rosa skeptisch zu Social Media, bildungsb\u00fcrgerliche Vorbehalte klingen durch: &#8220;<em>Soziale Medien zeigen sehr sch\u00f6n die Sehnsucht der Menschen, resonant mit der Welt verbunden zu sein. Gerade deswegen sind sie so attraktiv, sie gaukeln echte Resonanz aber nur vor&#8221; <\/em><span style=\"font-size: small; line-height: 2px;\">(web.de, 5.4.16)<\/span>. Resonanz in der digitalen Sph\u00e4re bedeutet aber mehr als quantifizierbare\u00a0<em>Likes <\/em>und Bewertungsklicks. Online- Medien sind Infrastruktur in einer vernetzten globalen \u00d6ffentlichkeit, die eben auch mehr M\u00f6glichkeiten zur Bildung von Resonanzachsen bietet. \u00a0Unsere soziale Umgebung ist nicht mehr auf eine \u00fcberschaubare, geordnete Welt beschr\u00e4nkt. Warum sollten nicht z.B. \u00fcber Gaming resonante Erlebnisse\u00a0entstehen? Online-Medien werden auch dazu genutzt resonante Kommunikationsstr\u00e4nge aufzubauen\u00a0und aufrecht zu erhalten.\u00a0<em><br \/>\n<\/em><\/p>\n<p style=\"text-align: justify;\">816 Seiten sind viel,\u00a0<em>Weltbeziehung\u00a0<\/em>ein weites Feld &#8211; und das Konzept der <em>Resonanz<\/em> ein gro\u00dfer Wurf <span style=\"font-size: small; line-height: 2px;\">(Abkehr von Beschleunigung kann\u00a0hingegen nach Werbung f\u00fcr Wellness- Oasen klingen)<\/span>. Das Buch enth\u00e4lt zahllose diskursw\u00fcrdige Einzelthemen, die an ebenso viele Themenfelder anschlie\u00dfen. Die These von der Moderne als <em>Geschichte einer Resonanzkatastrophe<\/em> (S. 517 ff) ist zumindest zu diskutieren. Manchem Leser wird einiges esoterisch erscheinen, letztlich geht es um gef\u00fchlte Kriterien, die sich beschreiben, aber nicht messen lassen. Und manchmal hat man auch das Gef\u00fchl, das gelungene Leben sei doch in einer Jugendstilvilla zu Hause und spiele auf der Terrasse Klavier &#8230;<br \/>\nSpielt <em>Resonanz<\/em> eine Rolle im Digitalen Wandel? Sicherlich, das Streben nach Resonanz, nach resonanten R\u00e4umen und Beziehungen ist zutiefst menschlich und erkundet alle R\u00e4ume und M\u00f6glichkeiten. Wahrscheinlich ist Resonanz genau die entscheidende &#8211; au\u00dfer\u00f6konomische &#8211; Dimension, auf die es auch im digitalen Wandel ankommt.\u00a0Wenn von Teilhabe am\u00a0digitalen Wandel gesprochen wird, geht es im Grunde um Resonanz. Man denke z.B. an aktuelle Diskussionen zu <a href=\"http:\/\/www.klaus-janowitz.de\/wordpress\/gamification\/\" target=\"_blank\">Gamifikation<\/a>: Geht es darum, spielerisch teilzuhaben &#8211; oder um den Zuckergu\u00df auf einer Marketingkampagne?<\/p>\n<p style=\"text-align: justify;\">In einem Interview der NZZ \u00e4u\u00dfert sich Rosa zur Ver\u00e4nderung der \u00f6konomischen Verh\u00e4ltnisse hin zu einer Wirtschaftsdemokratie<em> &#8220;Ich suche nach den Konturen einer Gesellschaft, die modern bleibt im Sinne von\u00a0pluralistisch, demokratisch und auch liberal, die aber nicht auf Wachstum und Beschleunigung angewiesen ist, um den \u00f6konomischen und politischen Status quo zu erhalten. Wenn wir resonante Weltverh\u00e4ltnisse schaffen wollen, m\u00fcssen wir die Steigerung als blindlaufenden Zwang \u00fcberwinden.&#8221;\u00a0<\/em>(NZZ, 11.3.16)<em>\u00a0<\/em><\/p>\n<p style=\"text-align: justify;\"><span style=\"font-size: small; line-height: 2px;\"><strong>Rosa, Hartmut<\/strong>: Resonanz:\u00a0Eine Soziologie der Weltbeziehung. Suhrkamp, Berlin 2016, 816\u00a0S. 34,95 \u20ac.<\/span><\/p>\n<p><script type=\"text\/javascript\">\/\/ <![CDATA[\nvar pkBaseURL = ((\"https:\" == document.location.protocol) ? \"https:\/\/www.klaus-janowitz.de\/piwik\/\" : \"http:\/\/www.klaus-janowitz.de\/piwik\/\"); document.write(unescape(\"%3Cscript src='\" + pkBaseURL + \"piwik.js' type='text\/javascript'%3E%3C\/script%3E\"));\n\/\/ ]]><\/script><script type=\"text\/javascript\">\/\/ <![CDATA[\ntry { var piwikTracker = Piwik.getTracker(pkBaseURL + \"piwik.php\", 1); piwikTracker.trackPageView(); piwikTracker.enableLinkTracking(); } catch( err ) {}\n\/\/ ]]><\/script><\/p>\n<p><noscript>&amp;amp;amp;amp;amp;lt;img src=&#8221;http:\/\/www.klaus-janowitz.de\/piwik\/piwik.php?idsite=1&#8243; style=&#8221;border:0&#8243; alt=&#8221;&#8221; \/&amp;amp;amp;amp;amp;gt;&amp;amp;amp;amp;amp;lt;br \/&amp;amp;amp;amp;amp;gt;<\/noscript><!-- End Piwik Tag --><\/p>\n<p><script type=\"text\/javascript\">\/\/ <![CDATA[\nvar gaJsHost = ((\"https:\" == document.location.protocol) ? \"https:\/\/ssl.\" : \"http:\/\/www.\"); document.write(unescape(\"%3Cscript src='\" + gaJsHost + \"google-analytics.com\/ga.js' type='text\/javascript'%3E%3C\/script%3E\"));\n\/\/ ]]><\/script>\u00a0<script type=\"text\/javascript\">\/\/ <![CDATA[\nvar pageTracker = _gat._getTracker(\"UA-5982947-1\"); pageTracker._trackPageview();\n\/\/ ]]><\/script><\/p>\n","protected":false},"excerpt":{"rendered":"<p>12\/04\/16\u00a0kmjan\u00a0 Nur alle\u00a0Jahre wieder erreichen\u00a0soziologische Titel eine gr\u00f6\u00dfere \u00f6ffentliche Resonanz &#8211; und noch seltener schaffen sie es\u00a0in die Charts. Bezeichnenderweise oft solche, die von\u00a0einem einzelnen Begriff aus das Gef\u00fcge moderner\u00a0Gesellschaft aufrollen:\u00a0Risikogesellschaft, Erlebnisgesellschaft\u00a0&#8211; und in dem vorliegenden Buch\u00a0geht es darum\u00a0Resonanz als Grundbegriff einer\u00a0Soziologie der Weltbeziehung\u00a0zu entwickeln.\u00a0Das Buch erschien vor wenigen Wochen, im M\u00e4rz 2016. Autor Hartmut &hellip; <\/p>\n<p class=\"link-more\"><a href=\"https:\/\/www.klaus-janowitz.de\/wordpress\/resonanz-eine-soziologie-der-weltbeziehung-rez\/\" class=\"more-link\"><span class=\"screen-reader-text\">\u201eResonanz -Eine Soziologie der Weltbeziehung (Rez.)\u201c <\/span>weiterlesen<\/a><\/p>\n","protected":false},"author":1,"featured_media":0,"parent":0,"menu_order":0,"comment_status":"closed","ping_status":"closed","template":"","meta":{"jetpack_post_was_ever_published":false,"activitypub_content_warning":"","activitypub_content_visibility":"","activitypub_max_image_attachments":4,"activitypub_interaction_policy_quote":"","activitypub_status":"","footnotes":""},"class_list":["post-8031","page","type-page","status-publish","hentry"],"yoast_head":"<!-- This site is optimized with the Yoast SEO plugin v27.4 - https:\/\/yoast.com\/product\/yoast-seo-wordpress\/ -->\n<title>Resonanz -Eine Soziologie der Weltbeziehung (Rez.) - Netnographie &amp; Digitaler Wandel<\/title>\n<meta name=\"robots\" content=\"index, follow, max-snippet:-1, max-image-preview:large, max-video-preview:-1\" \/>\n<link rel=\"canonical\" href=\"https:\/\/www.klaus-janowitz.de\/wordpress\/resonanz-eine-soziologie-der-weltbeziehung-rez\/\" \/>\n<meta property=\"og:locale\" content=\"de_DE\" \/>\n<meta property=\"og:type\" content=\"article\" \/>\n<meta property=\"og:title\" content=\"Resonanz -Eine Soziologie der Weltbeziehung (Rez.) - Netnographie &amp; Digitaler Wandel\" \/>\n<meta property=\"og:description\" content=\"12\/04\/16\u00a0kmjan\u00a0 Nur alle\u00a0Jahre wieder erreichen\u00a0soziologische Titel eine gr\u00f6\u00dfere \u00f6ffentliche Resonanz &#8211; und noch seltener schaffen sie es\u00a0in die Charts. Bezeichnenderweise oft solche, die von\u00a0einem einzelnen Begriff aus das Gef\u00fcge moderner\u00a0Gesellschaft aufrollen:\u00a0Risikogesellschaft, Erlebnisgesellschaft\u00a0&#8211; und in dem vorliegenden Buch\u00a0geht es darum\u00a0Resonanz als Grundbegriff einer\u00a0Soziologie der Weltbeziehung\u00a0zu entwickeln.\u00a0Das Buch erschien vor wenigen Wochen, im M\u00e4rz 2016. Autor Hartmut &hellip; \u201eResonanz -Eine Soziologie der Weltbeziehung (Rez.)\u201c weiterlesen\" \/>\n<meta property=\"og:url\" content=\"https:\/\/www.klaus-janowitz.de\/wordpress\/resonanz-eine-soziologie-der-weltbeziehung-rez\/\" \/>\n<meta property=\"og:site_name\" content=\"Netnographie &amp; Digitaler Wandel\" \/>\n<meta property=\"article:modified_time\" content=\"2016-07-08T22:15:17+00:00\" \/>\n<meta property=\"og:image\" content=\"http:\/\/www.klaus-janowitz.de\/wordpress\/wp-content\/uploads\/2016\/04\/resonanz-181x300.jpg\" \/>\n<meta name=\"twitter:card\" content=\"summary_large_image\" \/>\n<meta name=\"twitter:label1\" content=\"Gesch\u00e4tzte Lesezeit\" \/>\n\t<meta name=\"twitter:data1\" content=\"4\u00a0Minuten\" \/>\n<script type=\"application\/ld+json\" class=\"yoast-schema-graph\">{\"@context\":\"https:\\\/\\\/schema.org\",\"@graph\":[{\"@type\":\"WebPage\",\"@id\":\"https:\\\/\\\/www.klaus-janowitz.de\\\/wordpress\\\/resonanz-eine-soziologie-der-weltbeziehung-rez\\\/\",\"url\":\"https:\\\/\\\/www.klaus-janowitz.de\\\/wordpress\\\/resonanz-eine-soziologie-der-weltbeziehung-rez\\\/\",\"name\":\"Resonanz -Eine Soziologie der Weltbeziehung (Rez.) - Netnographie &amp; Digitaler Wandel\",\"isPartOf\":{\"@id\":\"https:\\\/\\\/www.klaus-janowitz.de\\\/wordpress\\\/#website\"},\"primaryImageOfPage\":{\"@id\":\"https:\\\/\\\/www.klaus-janowitz.de\\\/wordpress\\\/resonanz-eine-soziologie-der-weltbeziehung-rez\\\/#primaryimage\"},\"image\":{\"@id\":\"https:\\\/\\\/www.klaus-janowitz.de\\\/wordpress\\\/resonanz-eine-soziologie-der-weltbeziehung-rez\\\/#primaryimage\"},\"thumbnailUrl\":\"http:\\\/\\\/www.klaus-janowitz.de\\\/wordpress\\\/wp-content\\\/uploads\\\/2016\\\/04\\\/resonanz-181x300.jpg\",\"datePublished\":\"2016-04-10T20:20:34+00:00\",\"dateModified\":\"2016-07-08T22:15:17+00:00\",\"breadcrumb\":{\"@id\":\"https:\\\/\\\/www.klaus-janowitz.de\\\/wordpress\\\/resonanz-eine-soziologie-der-weltbeziehung-rez\\\/#breadcrumb\"},\"inLanguage\":\"de\",\"potentialAction\":[{\"@type\":\"ReadAction\",\"target\":[\"https:\\\/\\\/www.klaus-janowitz.de\\\/wordpress\\\/resonanz-eine-soziologie-der-weltbeziehung-rez\\\/\"]}]},{\"@type\":\"ImageObject\",\"inLanguage\":\"de\",\"@id\":\"https:\\\/\\\/www.klaus-janowitz.de\\\/wordpress\\\/resonanz-eine-soziologie-der-weltbeziehung-rez\\\/#primaryimage\",\"url\":\"http:\\\/\\\/www.klaus-janowitz.de\\\/wordpress\\\/wp-content\\\/uploads\\\/2016\\\/04\\\/resonanz-181x300.jpg\",\"contentUrl\":\"http:\\\/\\\/www.klaus-janowitz.de\\\/wordpress\\\/wp-content\\\/uploads\\\/2016\\\/04\\\/resonanz-181x300.jpg\"},{\"@type\":\"BreadcrumbList\",\"@id\":\"https:\\\/\\\/www.klaus-janowitz.de\\\/wordpress\\\/resonanz-eine-soziologie-der-weltbeziehung-rez\\\/#breadcrumb\",\"itemListElement\":[{\"@type\":\"ListItem\",\"position\":1,\"name\":\"Startseite\",\"item\":\"https:\\\/\\\/www.klaus-janowitz.de\\\/wordpress\\\/\"},{\"@type\":\"ListItem\",\"position\":2,\"name\":\"Resonanz -Eine Soziologie der Weltbeziehung (Rez.)\"}]},{\"@type\":\"WebSite\",\"@id\":\"https:\\\/\\\/www.klaus-janowitz.de\\\/wordpress\\\/#website\",\"url\":\"https:\\\/\\\/www.klaus-janowitz.de\\\/wordpress\\\/\",\"name\":\"Netnographie &amp; Digitaler Wandel\",\"description\":\"Blog rund um die Themen Netnographie, Online-Kultur und Digitalen Wandel\",\"potentialAction\":[{\"@type\":\"SearchAction\",\"target\":{\"@type\":\"EntryPoint\",\"urlTemplate\":\"https:\\\/\\\/www.klaus-janowitz.de\\\/wordpress\\\/?s={search_term_string}\"},\"query-input\":{\"@type\":\"PropertyValueSpecification\",\"valueRequired\":true,\"valueName\":\"search_term_string\"}}],\"inLanguage\":\"de\"}]}<\/script>\n<!-- \/ Yoast SEO plugin. -->","yoast_head_json":{"title":"Resonanz -Eine Soziologie der Weltbeziehung (Rez.) - Netnographie &amp; Digitaler Wandel","robots":{"index":"index","follow":"follow","max-snippet":"max-snippet:-1","max-image-preview":"max-image-preview:large","max-video-preview":"max-video-preview:-1"},"canonical":"https:\/\/www.klaus-janowitz.de\/wordpress\/resonanz-eine-soziologie-der-weltbeziehung-rez\/","og_locale":"de_DE","og_type":"article","og_title":"Resonanz -Eine Soziologie der Weltbeziehung (Rez.) - Netnographie &amp; Digitaler Wandel","og_description":"12\/04\/16\u00a0kmjan\u00a0 Nur alle\u00a0Jahre wieder erreichen\u00a0soziologische Titel eine gr\u00f6\u00dfere \u00f6ffentliche Resonanz &#8211; und noch seltener schaffen sie es\u00a0in die Charts. Bezeichnenderweise oft solche, die von\u00a0einem einzelnen Begriff aus das Gef\u00fcge moderner\u00a0Gesellschaft aufrollen:\u00a0Risikogesellschaft, Erlebnisgesellschaft\u00a0&#8211; und in dem vorliegenden Buch\u00a0geht es darum\u00a0Resonanz als Grundbegriff einer\u00a0Soziologie der Weltbeziehung\u00a0zu entwickeln.\u00a0Das Buch erschien vor wenigen Wochen, im M\u00e4rz 2016. Autor Hartmut &hellip; \u201eResonanz -Eine Soziologie der Weltbeziehung (Rez.)\u201c weiterlesen","og_url":"https:\/\/www.klaus-janowitz.de\/wordpress\/resonanz-eine-soziologie-der-weltbeziehung-rez\/","og_site_name":"Netnographie &amp; Digitaler Wandel","article_modified_time":"2016-07-08T22:15:17+00:00","og_image":[{"url":"http:\/\/www.klaus-janowitz.de\/wordpress\/wp-content\/uploads\/2016\/04\/resonanz-181x300.jpg","type":"","width":"","height":""}],"twitter_card":"summary_large_image","twitter_misc":{"Gesch\u00e4tzte Lesezeit":"4\u00a0Minuten"},"schema":{"@context":"https:\/\/schema.org","@graph":[{"@type":"WebPage","@id":"https:\/\/www.klaus-janowitz.de\/wordpress\/resonanz-eine-soziologie-der-weltbeziehung-rez\/","url":"https:\/\/www.klaus-janowitz.de\/wordpress\/resonanz-eine-soziologie-der-weltbeziehung-rez\/","name":"Resonanz -Eine Soziologie der Weltbeziehung (Rez.) - Netnographie &amp; Digitaler Wandel","isPartOf":{"@id":"https:\/\/www.klaus-janowitz.de\/wordpress\/#website"},"primaryImageOfPage":{"@id":"https:\/\/www.klaus-janowitz.de\/wordpress\/resonanz-eine-soziologie-der-weltbeziehung-rez\/#primaryimage"},"image":{"@id":"https:\/\/www.klaus-janowitz.de\/wordpress\/resonanz-eine-soziologie-der-weltbeziehung-rez\/#primaryimage"},"thumbnailUrl":"http:\/\/www.klaus-janowitz.de\/wordpress\/wp-content\/uploads\/2016\/04\/resonanz-181x300.jpg","datePublished":"2016-04-10T20:20:34+00:00","dateModified":"2016-07-08T22:15:17+00:00","breadcrumb":{"@id":"https:\/\/www.klaus-janowitz.de\/wordpress\/resonanz-eine-soziologie-der-weltbeziehung-rez\/#breadcrumb"},"inLanguage":"de","potentialAction":[{"@type":"ReadAction","target":["https:\/\/www.klaus-janowitz.de\/wordpress\/resonanz-eine-soziologie-der-weltbeziehung-rez\/"]}]},{"@type":"ImageObject","inLanguage":"de","@id":"https:\/\/www.klaus-janowitz.de\/wordpress\/resonanz-eine-soziologie-der-weltbeziehung-rez\/#primaryimage","url":"http:\/\/www.klaus-janowitz.de\/wordpress\/wp-content\/uploads\/2016\/04\/resonanz-181x300.jpg","contentUrl":"http:\/\/www.klaus-janowitz.de\/wordpress\/wp-content\/uploads\/2016\/04\/resonanz-181x300.jpg"},{"@type":"BreadcrumbList","@id":"https:\/\/www.klaus-janowitz.de\/wordpress\/resonanz-eine-soziologie-der-weltbeziehung-rez\/#breadcrumb","itemListElement":[{"@type":"ListItem","position":1,"name":"Startseite","item":"https:\/\/www.klaus-janowitz.de\/wordpress\/"},{"@type":"ListItem","position":2,"name":"Resonanz -Eine Soziologie der Weltbeziehung (Rez.)"}]},{"@type":"WebSite","@id":"https:\/\/www.klaus-janowitz.de\/wordpress\/#website","url":"https:\/\/www.klaus-janowitz.de\/wordpress\/","name":"Netnographie &amp; Digitaler Wandel","description":"Blog rund um die Themen Netnographie, Online-Kultur und Digitalen Wandel","potentialAction":[{"@type":"SearchAction","target":{"@type":"EntryPoint","urlTemplate":"https:\/\/www.klaus-janowitz.de\/wordpress\/?s={search_term_string}"},"query-input":{"@type":"PropertyValueSpecification","valueRequired":true,"valueName":"search_term_string"}}],"inLanguage":"de"}]}},"jetpack_sharing_enabled":true,"jetpack_shortlink":"https:\/\/wp.me\/P15Wn2-25x","jetpack_likes_enabled":true,"jetpack-related-posts":[{"id":20057,"url":"https:\/\/www.klaus-janowitz.de\/wordpress\/soziologie-und-digitalisierung-ein-ueberblick\/","url_meta":{"origin":8031,"position":0},"title":"Soziologie und Digitalisierung &#8211; ein \u00dcberblick","author":"KlausMJan","date":"7. Oktober 2020","format":false,"excerpt":"6\/10\/20 kmjan Welche Rolle spielen soziologische Ans\u00e4tze und Theorien, wie einflussreich sind sie ausserhalb eines wissenschaftlichen Kontextes, welche Deutungsmacht kommt ihnen zu? Sp\u00e4testens mit Corona haben sich Diskussionen verschoben. Gesellschaftliche Interaktions- und wirtschaftliche Wertsch\u00f6pfungsketten wurden unterbrochen. Die Zukunft erscheint nicht mehr allein als Fortsetzung der Gegenwart - und steht damit\u2026","rel":"","context":"\u00c4hnlicher Beitrag","block_context":{"text":"\u00c4hnlicher Beitrag","link":""},"img":{"alt_text":"","src":"https:\/\/i0.wp.com\/www.klaus-janowitz.de\/wordpress\/wp-content\/uploads\/2020\/09\/Zettelkasten-300x225.jpg?resize=350%2C200&ssl=1","width":350,"height":200},"classes":[]},{"id":11433,"url":"https:\/\/www.klaus-janowitz.de\/wordpress\/10-gruende-social-media-accounts-zu-loeschen-rezension\/","url_meta":{"origin":8031,"position":1},"title":"10 Gr\u00fcnde &#8230; Social Media Accounts zu l\u00f6schen (Rezension)","author":"KlausMJan","date":"28. August 2018","format":false,"excerpt":"25\/08\/18\u00a0kmjan Im letzten Blogbeitrag 10 Jahre Social Media kam ich bereits auf das Buch von Jaron Lanier zu sprechen. Zehn Gr\u00fcnde - B\u00fccher\u00a0sind an sich eine Unterabteilung der Ratgeberbranche. Meist geht es um einen zu unternehmenden, entscheidenden Schritt in der Lebensgestaltung, zu dem dann 10 Gr\u00fcnde abgearbeitet werden. Was Jaron\u2026","rel":"","context":"\u00c4hnlicher Beitrag","block_context":{"text":"\u00c4hnlicher Beitrag","link":""},"img":{"alt_text":"","src":"https:\/\/i0.wp.com\/www.klaus-janowitz.de\/wordpress\/wp-content\/uploads\/2018\/07\/Jaron_Lanier-1-195x300.jpeg?resize=350%2C200","width":350,"height":200},"classes":[]},{"id":10828,"url":"https:\/\/www.klaus-janowitz.de\/wordpress\/d2030-deutschland-neu-denken-acht-szenarios-fuer-unsere-zukunft-rez\/","url_meta":{"origin":8031,"position":2},"title":"D2030 &#8211; Deutschland neu denken &#8211; Acht Szenarios f\u00fcr unsere Zukunft &#8211; (Rez.)","author":"KlausMJan","date":"22. M\u00e4rz 2018","format":false,"excerpt":"25\/03\/18\u00a0kmjan Zukunft ist nicht vorhersehbar, aber doch lenk- und gestaltbar.\u00a0Im Sommer 2017 wurden auf der\u00a0Zukunftskonferenz in Berlin Ergebnisse aus dem Projekt\u00a0 D 2030\u00a0einer \u00d6ffentlichkeit vorgestellt.\u00a0Es ging nicht um einzelne (Mega-) Trends oder lineare Prognosen, nicht um best- und worst- cases, sondern um eine Landkarte der M\u00f6glichkeiten, um Szenarien f\u00fcr den\u2026","rel":"","context":"\u00c4hnlicher Beitrag","block_context":{"text":"\u00c4hnlicher Beitrag","link":""},"img":{"alt_text":"","src":"https:\/\/i0.wp.com\/www.klaus-janowitz.de\/wordpress\/wp-content\/uploads\/2018\/03\/D-2030-190x300.jpg?resize=350%2C200","width":350,"height":200},"classes":[]},{"id":4759,"url":"https:\/\/www.klaus-janowitz.de\/wordpress\/qualitative-datenanalyse\/","url_meta":{"origin":8031,"position":3},"title":"Qualitative Datenanalyse","author":"KlausMJan","date":"10. November 2014","format":false,"excerpt":"\u00a09\/11\/14\u00a0kmjan Derart\u00a0spezialisierte Handb\u00fccher erscheinen wohl nur noch in englischer Sprache, auch wenn Herausgeber und viele\u00a0der Autoren deutschsprachig sind. Im Juni 2014 erschien The Sage Handbook of Qualitative Data Analysis\u00a0mit 40 Beitr\u00e4gen namhafter Wissenschaftler aus dem angloamerikanischen und deutschen Sprachraum, zumeist Inhaber von Lehrst\u00fchlen in Soziologie oder Psychologie. Unter qualitativer Datenanalyse\u2026","rel":"","context":"\u00c4hnlicher Beitrag","block_context":{"text":"\u00c4hnlicher Beitrag","link":""},"img":{"alt_text":"","src":"https:\/\/i0.wp.com\/www.klaus-janowitz.de\/wordpress\/wp-content\/uploads\/2014\/08\/Titel_QDA-211x300.jpg?resize=350%2C200","width":350,"height":200},"classes":[]},{"id":7174,"url":"https:\/\/www.klaus-janowitz.de\/wordpress\/machtbalance-und-figuration\/","url_meta":{"origin":8031,"position":4},"title":"Machtbalance,  Figuration und digitaler Wandel","author":"KlausMJan","date":"20. Dezember 2015","format":false,"excerpt":"28\/12\/15\u00a0kmjan In einem der letzten Beitr\u00e4ge hatte ich den digitalen Wandel in die Perspektive der Zivilisationstheorie\u00a0von Norbert Elias gestellt. Digitaler Wandel l\u00e4sst sich so als ein langfristiger Prozess verstehen, in dem technologische und gesellschaftliche Entwicklungen miteinander verkn\u00fcpft sind. Digitaler Wandel bedeutet nicht, dass bestehende Strukturen in ein neues Format \u00fcbersetzt\u2026","rel":"","context":"\u00c4hnlicher Beitrag","block_context":{"text":"\u00c4hnlicher Beitrag","link":""},"img":{"alt_text":"","src":"https:\/\/i0.wp.com\/www.klaus-janowitz.de\/wordpress\/wp-content\/uploads\/2011\/01\/elias.jpg?resize=350%2C200&ssl=1","width":350,"height":200},"classes":[]},{"id":7753,"url":"https:\/\/www.klaus-janowitz.de\/wordpress\/consociality-eine-hashtag-soziologie\/","url_meta":{"origin":8031,"position":5},"title":"#Consociality &#8211; Eine Hashtag Soziologie","author":"KlausMJan","date":"29. M\u00e4rz 2016","format":false,"excerpt":"29\/03\/16\u00a0kmjan Auf Barcamps und anderen nicht ganz so formellen Veranstaltungen ist es ein Ritual: Die Teilnehmer stellen sich mit drei #Hashtags\u00a0vor, davon oft eines mit beruflichem Bezug, eines pers\u00f6nlicher gesetzt\u00a0und schlie\u00dflich eines das Zugeh\u00f6rigkeit ausdr\u00fcckt, oft eine Form von Fantum. Das soll die Atmosph\u00e4re lockern und den Gespr\u00e4chseinstieg erleichtern. Das\u2026","rel":"","context":"\u00c4hnlicher Beitrag","block_context":{"text":"\u00c4hnlicher Beitrag","link":""},"img":{"alt_text":"","src":"https:\/\/i0.wp.com\/www.klaus-janowitz.de\/wordpress\/wp-content\/uploads\/2016\/03\/Hashtags-282x300.jpg?resize=350%2C200","width":350,"height":200},"classes":[]}],"_links":{"self":[{"href":"https:\/\/www.klaus-janowitz.de\/wordpress\/wp-json\/wp\/v2\/pages\/8031","targetHints":{"allow":["GET"]}}],"collection":[{"href":"https:\/\/www.klaus-janowitz.de\/wordpress\/wp-json\/wp\/v2\/pages"}],"about":[{"href":"https:\/\/www.klaus-janowitz.de\/wordpress\/wp-json\/wp\/v2\/types\/page"}],"author":[{"embeddable":true,"href":"https:\/\/www.klaus-janowitz.de\/wordpress\/wp-json\/wp\/v2\/users\/1"}],"replies":[{"embeddable":true,"href":"https:\/\/www.klaus-janowitz.de\/wordpress\/wp-json\/wp\/v2\/comments?post=8031"}],"version-history":[{"count":96,"href":"https:\/\/www.klaus-janowitz.de\/wordpress\/wp-json\/wp\/v2\/pages\/8031\/revisions"}],"predecessor-version":[{"id":8140,"href":"https:\/\/www.klaus-janowitz.de\/wordpress\/wp-json\/wp\/v2\/pages\/8031\/revisions\/8140"}],"wp:attachment":[{"href":"https:\/\/www.klaus-janowitz.de\/wordpress\/wp-json\/wp\/v2\/media?parent=8031"}],"curies":[{"name":"wp","href":"https:\/\/api.w.org\/{rel}","templated":true}]}}