{"id":2299,"date":"2012-06-11T18:53:36","date_gmt":"2012-06-11T16:53:36","guid":{"rendered":"http:\/\/www.klaus-janowitz.de\/wordpress\/?page_id=2299"},"modified":"2018-05-20T00:53:13","modified_gmt":"2018-05-19T22:53:13","slug":"zur-zukunft-von-social-media","status":"publish","type":"page","link":"https:\/\/www.klaus-janowitz.de\/wordpress\/zur-zukunft-von-social-media\/","title":{"rendered":"Zur Zukunft von Social Media"},"content":{"rendered":"<p style=\"text-align: justify;\">27\/06\/12 <a href=\"http:\/\/www.klaus-janowitz.de\/\" target=\"_blank\" rel=\"noopener\">kmjan<\/a><br \/>\n<em>Nichts hat die Online-Kommunikation so nachhaltig ver\u00e4ndert wie die zahlreichen Social Media-Angebote und -Instrumente, die in den vergangenen Jahren gro\u00dfe\u00a0Nutzerkreise erreicht haben und Individual- wie Unternehmenskommunikation nachhaltig ver\u00e4ndert haben.<\/em>* <span style=\"text-align: justify;\">Hinzuf\u00fcgen will ich die Durchsetzung des mobilen Internet: Die <\/span><em style=\"text-align: justify;\">mobile\u00a0Revolution<\/em><span style=\"text-align: justify;\"> hat bereits stattgefunden.<\/span><em style=\"text-align: justify;\">\u00a0<\/em><a style=\"text-align: justify;\" href=\"http:\/\/kommunikation-zweinull.de\/\" target=\"_blank\" rel=\"noopener\">Tim Krischak<\/a><span style=\"text-align: justify;\">\u00a0und Kai Heddergott,\u00a0Kommunikationsberater aus Essen und M\u00fcnster, haben zu einer Blogparade zur\u00a0Zukunft von Social Media\u00a0aufgerufen &#8211; an dessen Abschlu\u00df ein \u201c<\/span><strong style=\"text-align: justify;\">Social Media-Delphi 2013<\/strong><span style=\"text-align: justify;\">\u2033 stehen soll.\u00a0Die\u00a0<\/span><a style=\"text-align: justify;\" href=\"http:\/\/www.zehn-thesen-zur-zukunft-von-social-media.de\" target=\"_blank\" rel=\"noopener\">weiterf\u00fchrende Diskussion<\/a><span style=\"text-align: justify;\">\u00a0hatte sich an\u00a0<\/span><a style=\"text-align: justify;\" href=\"http:\/\/www.bvdw.org\/medien\/bvdw-10-thesen-zur-zukunft-von-social-media---?media=3814\" target=\"_blank\" rel=\"noopener\">10 Thesen<\/a><span style=\"text-align: justify;\">\u00a0zur Zukunft von Social Media\u00a0des\u00a0<\/span><em style=\"text-align: justify;\">Bundesverbandes Digitale Wirtschaft<\/em><span style=\"text-align: justify;\">\u00a0(bis 2004\u00a0\u201e<\/span><em style=\"text-align: justify;\">Deutscher Multimedia-Verband<\/em><span style=\"text-align: justify;\">&#8221; &#8211; DMMV) entz\u00fcndet. In den Thesen des BVDW geht es im wesentlichen um die Durchsetzung und Professionalisierung von Social Media in der Unternehmenskommunikation. Tim und Kai stellen dem <\/span><a style=\"text-align: justify;\" href=\"http:\/\/kommunikation-zweinull.de\/10-echte-thesen-zur-zukunft-von-social-media-the-missing-manual-fur-die-bvdw-thesen-zu-social-media\/\" target=\"_blank\" rel=\"noopener\">10 eigene Thesen<\/a><span style=\"text-align: justify;\">\u00a0entgegen, sie heben v.a. Social Media als Paradigmenwechsel zur Dialog-Kommunikation hervor. Die Grenzen zwischen gesch\u00e4ftlicher und privater Kommunikation werden flie\u00dfend.\u00a0\u00a0Als Kommunikationsberatern steht bei Ihnen ebenfalls die Unternehmenskommunikation im Vordergrund, dem m\u00f6chte ich einige weitere Aspekte hinzuf\u00fcgen.<br \/>\n<\/span>Sind Social Media angekommen? Sicherlich sind sie angekommen, in Unternehmenskommunikation und Marketing genauso wie\u00a0im Alltag, sie sind aber mehr: ein offenes Feld zur Information und Publikation, \u00a0zur \u00dcbertragung von Inhalten, Kontaktbahnhof, Spieleplattform,\u00a0Treffpunkt gleichgesinnter <em>Peers, <\/em>Basis von Vergemeinschaftung. Und es gibt ebenso viele Gr\u00fcnde und Motivationen zu Nutzung und Teilnahme: sehr anschaulich\u00a0zusammengefasst in einer\u00a0<a href=\"http:\/\/www.klaus-janowitz.de\/wordpress\/kreise-in-social-media\" target=\"_blank\" rel=\"noopener\">Graphik<\/a> von F. Cavazza.<\/p>\n<figure id=\"attachment_2366\" aria-describedby=\"caption-attachment-2366\" style=\"width: 300px\" class=\"wp-caption alignleft\"><a href=\"http:\/\/www.klaus-janowitz.de\/wordpress\/zur-zukunft-von-social-media\/zukunft\" rel=\"attachment wp-att-2366\"><img data-recalc-dims=\"1\" fetchpriority=\"high\" decoding=\"async\" class=\"size-medium wp-image-2366 \" title=\"Zukunft\" src=\"https:\/\/i0.wp.com\/www.klaus-janowitz.de\/wordpress\/wp-content\/uploads\/2012\/06\/Zukunft1-300x300.jpg?resize=300%2C300\" alt=\"\" width=\"300\" height=\"300\" srcset=\"https:\/\/i0.wp.com\/www.klaus-janowitz.de\/wordpress\/wp-content\/uploads\/2012\/06\/Zukunft1.jpg?resize=300%2C300&amp;ssl=1 300w, https:\/\/i0.wp.com\/www.klaus-janowitz.de\/wordpress\/wp-content\/uploads\/2012\/06\/Zukunft1.jpg?resize=150%2C150&amp;ssl=1 150w, https:\/\/i0.wp.com\/www.klaus-janowitz.de\/wordpress\/wp-content\/uploads\/2012\/06\/Zukunft1.jpg?w=493&amp;ssl=1 493w\" sizes=\"(max-width: 300px) 100vw, 300px\" \/><\/a><figcaption id=\"caption-attachment-2366\" class=\"wp-caption-text\">Social Media werden mobil &#8211; und stellen sich immer wieder neu zusammen<\/figcaption><\/figure>\n<p style=\"text-align: justify;\">Das Internet ist kein Medium, sondern es stellt die Struktur, die Medien nutzen (k\u00f6nnen). Heute sprechen wir von <em>Social Media<\/em> und meinen damit die Dienste und Angebote, die sich in den vergangenen Jahren verbreitet haben, zuvor sprachen wir vom\u00a0<em>Web 2.0, <\/em>und hatten dabei v.a. die sog. <em>Blogosph\u00e4re<\/em> im Sinn. \u00dcber Facebook als Schwergewicht der Social Media \u00a0kann man geteilter Meinung sein: das Verdienst von Facebook ist es, knapp einer Milliarde Menschen eine digitale Identit\u00e4t und Teilhabe am <em>Social Web<\/em> verschafft zu haben. Ohne Facebook w\u00e4re das<em> Social Web<\/em> in weit st\u00e4rkerem Ma\u00dfe eine Sache der <em>Nerds<\/em> und der <em>Marketer<\/em><em>. <\/em>Ob wir in Zukunft weiterhin von <em>Social Media<\/em> sprechen, h\u00e4ngt davon ab, ob sich ein neuer Begriff f\u00fcr einen neuen <em>Stand der Dinge<\/em> durchsetzt. Die Entwicklung wird einerseits von technischen Neuerungen und deren Verf\u00fcgbarkeit angetrieben, andererseits von sozialer und kultureller Akzeptanz. Mobile Online-Kommunikation funktioniert anders als am Schreibtisch: schneller, spontaner, direkter. Dienste wie <em>Twitter<\/em> oder <em>Instagram<\/em>\u00a0mit kompakten Mitteilungen in Wort und Bild sind hier besser aufgestellt als <em>Facebook<\/em>. GPS-basierte Dienste verweisen zur\u00fcck auf lokale Zusammenh\u00e4nge: Empfehlungsportale, Kontaktm\u00f6glichkeiten bzw. <em>Social Discovery<\/em> (<a href=\"http:\/\/www.klaus-janowitz.de\/wordpress\/social-local-mobile-getgauss\" target=\"_blank\" rel=\"noopener\">vgl. GetGauss<\/a>). Bis Neues seinen Weg vom <em>early adopter<\/em> in den Mainstream findet, vergeht einige \u00a0Zeit und \u00a0nicht alle Online-Formate sind st\u00e4ndig in Ver\u00e4nderung.\u00a0Foren erf\u00fcllen weiterhin den Bedarf nach Informationsaustausch und Information, selbstgehostete Blogs sichern Bloggern Unabh\u00e4ngigkeit.<\/p>\n<p style=\"text-align: justify;\">Das Internet und damit <em>Social Media<\/em> sind dabei das Fernsehen als Leitmedium abzul\u00f6sen. Das geschieht nicht durch Verdr\u00e4ngung, sondern dadurch, dass \u00e4ltere Medien nach und nach umgekrempelt und den Gesetzm\u00e4ssigkeiten des Internet unterworfen werden. Das gilt f\u00fcr den Musik- und Buchmarkt wie jetzt auch f\u00fcr das TV. Der Trend zum Abruf <em>on demand<\/em> beginnt.<br \/>\nBeherrschte das\u00a0Fernsehen als Leitmedium sp\u00e4testens nach Einf\u00fchrung von Programmzeitschriften die Wohnzimmer, so kann man Social Media als eine parallele \u00f6ffentliche Sph\u00e4re mit privaten Abteilen verstehen. Entstand beim Fernsehen das Gemeinschaftserlebnis im gleichzeitigen Betrachten derselben Programme im jeweils eigenen Wohnzimmer, vermitteln <em>Social<\/em> und <em>Mobile Media<\/em> gef\u00fchlte Vergemeinschaftung \u00fcber gleiche Interessen, Aufmerksamkeit und Reaktion. Konsumentscheidungen orientieren sich daran. Das entspricht in etwa Modellen von Online-Tribes (vgl. <a href=\"http:\/\/www.klaus-janowitz.de\/pdf\/Consumer_Tribes.pdf\" target=\"_blank\" rel=\"noopener\"><em>Consumer Tribes<\/em><\/a> u. <a href=\"http:\/\/www.klaus-janowitz.de\/wordpress\/stamme-im-netz-die-tribale-metapher\" target=\"_blank\" rel=\"noopener\"><em>St\u00e4mme im Netz<\/em><\/a>). Aufgabe von <em>Netnographie<\/em> ist es, darin die Muster zu erkennen. In einer sich st\u00e4ndig \u00e4ndernden Umgebung\u00a0er\u00fcbrigt sich die Frage nach dem Erschlie\u00dfungspotential, sie stellt sich immer wieder neu. Professionelle Dienstleistungen, wie Kommunikationsberatung und Marketing, Markt- und Sozialforschung\u00a0stehen immer wieder vor der Aufgabe, sich dabei zu erneuern.<\/p>\n<p><span style=\"font-size: x-small; line-height: 12px;\">*s.<\/span><a style=\"font-size: x-small;\" href=\"http:\/\/www.zehn-thesen-zur-zukunft-von-social-media.de\" target=\"_blank\" rel=\"noopener\"> http:\/\/www.zehn-thesen-zur-zukunft-von-social-media.de\/<\/a><span style=\"font-size: x-small; line-height: 12px;\"> \u00a0Bildquelle:\u00a0IS2\/<a href=\"http:\/\/photocase.com\" target=\"_blank\" rel=\"noopener\">http:\/\/photocase.com<\/a><\/span><br \/>\n<!-- Matomo --><br \/>\n<script type=\"text\/javascript\">\n  var _paq = _paq || [];\n  \/* tracker methods like \"setCustomDimension\" should be called before \"trackPageView\" *\/\n  _paq.push(['trackPageView']);\n  _paq.push(['enableLinkTracking']);\n  (function() {\n    var u=\"\/\/www.klaus-janowitz.de\/piwik\/\";\n    _paq.push(['setTrackerUrl', u+'piwik.php']);\n    _paq.push(['setSiteId', '1']);\n    var d=document, g=d.createElement('script'), s=d.getElementsByTagName('script')[0];\n    g.type='text\/javascript'; g.async=true; g.defer=true; g.src=u+'piwik.js'; s.parentNode.insertBefore(g,s);\n  })();\n<\/script><br \/>\n<!-- End Matomo Code --><\/p>\n","protected":false},"excerpt":{"rendered":"<p>27\/06\/12 kmjan Nichts hat die Online-Kommunikation so nachhaltig ver\u00e4ndert wie die zahlreichen Social Media-Angebote und -Instrumente, die in den vergangenen Jahren gro\u00dfe\u00a0Nutzerkreise erreicht haben und Individual- wie Unternehmenskommunikation nachhaltig ver\u00e4ndert haben.* Hinzuf\u00fcgen will ich die Durchsetzung des mobilen Internet: Die mobile\u00a0Revolution hat bereits stattgefunden.\u00a0Tim Krischak\u00a0und Kai Heddergott,\u00a0Kommunikationsberater aus Essen und M\u00fcnster, haben zu einer Blogparade &hellip; <\/p>\n<p class=\"link-more\"><a href=\"https:\/\/www.klaus-janowitz.de\/wordpress\/zur-zukunft-von-social-media\/\" class=\"more-link\"><span class=\"screen-reader-text\">\u201eZur Zukunft von Social Media\u201c <\/span>weiterlesen<\/a><\/p>\n","protected":false},"author":1,"featured_media":0,"parent":0,"menu_order":0,"comment_status":"open","ping_status":"open","template":"","meta":{"jetpack_post_was_ever_published":false,"activitypub_content_warning":"","activitypub_content_visibility":"","activitypub_max_image_attachments":4,"activitypub_interaction_policy_quote":"","activitypub_status":"","footnotes":""},"class_list":["post-2299","page","type-page","status-publish","hentry"],"yoast_head":"<!-- This site is optimized with the Yoast SEO plugin v27.4 - https:\/\/yoast.com\/product\/yoast-seo-wordpress\/ -->\n<title>Zur Zukunft von Social Media - Netnographie &amp; Digitaler Wandel<\/title>\n<meta name=\"robots\" content=\"index, follow, max-snippet:-1, max-image-preview:large, max-video-preview:-1\" \/>\n<link rel=\"canonical\" href=\"https:\/\/www.klaus-janowitz.de\/wordpress\/zur-zukunft-von-social-media\/\" \/>\n<meta property=\"og:locale\" content=\"de_DE\" \/>\n<meta property=\"og:type\" content=\"article\" \/>\n<meta property=\"og:title\" content=\"Zur Zukunft von Social Media - Netnographie &amp; Digitaler Wandel\" \/>\n<meta property=\"og:description\" content=\"27\/06\/12 kmjan Nichts hat die Online-Kommunikation so nachhaltig ver\u00e4ndert wie die zahlreichen Social Media-Angebote und -Instrumente, die in den vergangenen Jahren gro\u00dfe\u00a0Nutzerkreise erreicht haben und Individual- wie Unternehmenskommunikation nachhaltig ver\u00e4ndert haben.* Hinzuf\u00fcgen will ich die Durchsetzung des mobilen Internet: Die mobile\u00a0Revolution hat bereits stattgefunden.\u00a0Tim Krischak\u00a0und Kai Heddergott,\u00a0Kommunikationsberater aus Essen und M\u00fcnster, haben zu einer Blogparade &hellip; \u201eZur Zukunft von Social Media\u201c weiterlesen\" \/>\n<meta property=\"og:url\" content=\"https:\/\/www.klaus-janowitz.de\/wordpress\/zur-zukunft-von-social-media\/\" \/>\n<meta property=\"og:site_name\" content=\"Netnographie &amp; Digitaler Wandel\" \/>\n<meta property=\"article:modified_time\" content=\"2018-05-19T22:53:13+00:00\" \/>\n<meta property=\"og:image\" content=\"http:\/\/www.klaus-janowitz.de\/wordpress\/wp-content\/uploads\/2012\/06\/Zukunft1-300x300.jpg\" \/>\n<meta name=\"twitter:card\" content=\"summary_large_image\" \/>\n<meta name=\"twitter:label1\" content=\"Gesch\u00e4tzte Lesezeit\" \/>\n\t<meta name=\"twitter:data1\" content=\"3\u00a0Minuten\" \/>\n<script type=\"application\/ld+json\" class=\"yoast-schema-graph\">{\"@context\":\"https:\\\/\\\/schema.org\",\"@graph\":[{\"@type\":\"WebPage\",\"@id\":\"https:\\\/\\\/www.klaus-janowitz.de\\\/wordpress\\\/zur-zukunft-von-social-media\\\/\",\"url\":\"https:\\\/\\\/www.klaus-janowitz.de\\\/wordpress\\\/zur-zukunft-von-social-media\\\/\",\"name\":\"Zur Zukunft von Social Media - Netnographie &amp; Digitaler Wandel\",\"isPartOf\":{\"@id\":\"https:\\\/\\\/www.klaus-janowitz.de\\\/wordpress\\\/#website\"},\"primaryImageOfPage\":{\"@id\":\"https:\\\/\\\/www.klaus-janowitz.de\\\/wordpress\\\/zur-zukunft-von-social-media\\\/#primaryimage\"},\"image\":{\"@id\":\"https:\\\/\\\/www.klaus-janowitz.de\\\/wordpress\\\/zur-zukunft-von-social-media\\\/#primaryimage\"},\"thumbnailUrl\":\"http:\\\/\\\/www.klaus-janowitz.de\\\/wordpress\\\/wp-content\\\/uploads\\\/2012\\\/06\\\/Zukunft1-300x300.jpg\",\"datePublished\":\"2012-06-11T16:53:36+00:00\",\"dateModified\":\"2018-05-19T22:53:13+00:00\",\"breadcrumb\":{\"@id\":\"https:\\\/\\\/www.klaus-janowitz.de\\\/wordpress\\\/zur-zukunft-von-social-media\\\/#breadcrumb\"},\"inLanguage\":\"de\",\"potentialAction\":[{\"@type\":\"ReadAction\",\"target\":[\"https:\\\/\\\/www.klaus-janowitz.de\\\/wordpress\\\/zur-zukunft-von-social-media\\\/\"]}]},{\"@type\":\"ImageObject\",\"inLanguage\":\"de\",\"@id\":\"https:\\\/\\\/www.klaus-janowitz.de\\\/wordpress\\\/zur-zukunft-von-social-media\\\/#primaryimage\",\"url\":\"http:\\\/\\\/www.klaus-janowitz.de\\\/wordpress\\\/wp-content\\\/uploads\\\/2012\\\/06\\\/Zukunft1-300x300.jpg\",\"contentUrl\":\"http:\\\/\\\/www.klaus-janowitz.de\\\/wordpress\\\/wp-content\\\/uploads\\\/2012\\\/06\\\/Zukunft1-300x300.jpg\"},{\"@type\":\"BreadcrumbList\",\"@id\":\"https:\\\/\\\/www.klaus-janowitz.de\\\/wordpress\\\/zur-zukunft-von-social-media\\\/#breadcrumb\",\"itemListElement\":[{\"@type\":\"ListItem\",\"position\":1,\"name\":\"Startseite\",\"item\":\"https:\\\/\\\/www.klaus-janowitz.de\\\/wordpress\\\/\"},{\"@type\":\"ListItem\",\"position\":2,\"name\":\"Zur Zukunft von Social Media\"}]},{\"@type\":\"WebSite\",\"@id\":\"https:\\\/\\\/www.klaus-janowitz.de\\\/wordpress\\\/#website\",\"url\":\"https:\\\/\\\/www.klaus-janowitz.de\\\/wordpress\\\/\",\"name\":\"Netnographie &amp; Digitaler Wandel\",\"description\":\"Blog rund um die Themen Netnographie, Online-Kultur und Digitalen Wandel\",\"potentialAction\":[{\"@type\":\"SearchAction\",\"target\":{\"@type\":\"EntryPoint\",\"urlTemplate\":\"https:\\\/\\\/www.klaus-janowitz.de\\\/wordpress\\\/?s={search_term_string}\"},\"query-input\":{\"@type\":\"PropertyValueSpecification\",\"valueRequired\":true,\"valueName\":\"search_term_string\"}}],\"inLanguage\":\"de\"}]}<\/script>\n<!-- \/ Yoast SEO plugin. -->","yoast_head_json":{"title":"Zur Zukunft von Social Media - Netnographie &amp; Digitaler Wandel","robots":{"index":"index","follow":"follow","max-snippet":"max-snippet:-1","max-image-preview":"max-image-preview:large","max-video-preview":"max-video-preview:-1"},"canonical":"https:\/\/www.klaus-janowitz.de\/wordpress\/zur-zukunft-von-social-media\/","og_locale":"de_DE","og_type":"article","og_title":"Zur Zukunft von Social Media - Netnographie &amp; Digitaler Wandel","og_description":"27\/06\/12 kmjan Nichts hat die Online-Kommunikation so nachhaltig ver\u00e4ndert wie die zahlreichen Social Media-Angebote und -Instrumente, die in den vergangenen Jahren gro\u00dfe\u00a0Nutzerkreise erreicht haben und Individual- wie Unternehmenskommunikation nachhaltig ver\u00e4ndert haben.* Hinzuf\u00fcgen will ich die Durchsetzung des mobilen Internet: Die mobile\u00a0Revolution hat bereits stattgefunden.\u00a0Tim Krischak\u00a0und Kai Heddergott,\u00a0Kommunikationsberater aus Essen und M\u00fcnster, haben zu einer Blogparade &hellip; \u201eZur Zukunft von Social Media\u201c weiterlesen","og_url":"https:\/\/www.klaus-janowitz.de\/wordpress\/zur-zukunft-von-social-media\/","og_site_name":"Netnographie &amp; Digitaler Wandel","article_modified_time":"2018-05-19T22:53:13+00:00","og_image":[{"url":"http:\/\/www.klaus-janowitz.de\/wordpress\/wp-content\/uploads\/2012\/06\/Zukunft1-300x300.jpg","type":"","width":"","height":""}],"twitter_card":"summary_large_image","twitter_misc":{"Gesch\u00e4tzte Lesezeit":"3\u00a0Minuten"},"schema":{"@context":"https:\/\/schema.org","@graph":[{"@type":"WebPage","@id":"https:\/\/www.klaus-janowitz.de\/wordpress\/zur-zukunft-von-social-media\/","url":"https:\/\/www.klaus-janowitz.de\/wordpress\/zur-zukunft-von-social-media\/","name":"Zur Zukunft von Social Media - Netnographie &amp; Digitaler Wandel","isPartOf":{"@id":"https:\/\/www.klaus-janowitz.de\/wordpress\/#website"},"primaryImageOfPage":{"@id":"https:\/\/www.klaus-janowitz.de\/wordpress\/zur-zukunft-von-social-media\/#primaryimage"},"image":{"@id":"https:\/\/www.klaus-janowitz.de\/wordpress\/zur-zukunft-von-social-media\/#primaryimage"},"thumbnailUrl":"http:\/\/www.klaus-janowitz.de\/wordpress\/wp-content\/uploads\/2012\/06\/Zukunft1-300x300.jpg","datePublished":"2012-06-11T16:53:36+00:00","dateModified":"2018-05-19T22:53:13+00:00","breadcrumb":{"@id":"https:\/\/www.klaus-janowitz.de\/wordpress\/zur-zukunft-von-social-media\/#breadcrumb"},"inLanguage":"de","potentialAction":[{"@type":"ReadAction","target":["https:\/\/www.klaus-janowitz.de\/wordpress\/zur-zukunft-von-social-media\/"]}]},{"@type":"ImageObject","inLanguage":"de","@id":"https:\/\/www.klaus-janowitz.de\/wordpress\/zur-zukunft-von-social-media\/#primaryimage","url":"http:\/\/www.klaus-janowitz.de\/wordpress\/wp-content\/uploads\/2012\/06\/Zukunft1-300x300.jpg","contentUrl":"http:\/\/www.klaus-janowitz.de\/wordpress\/wp-content\/uploads\/2012\/06\/Zukunft1-300x300.jpg"},{"@type":"BreadcrumbList","@id":"https:\/\/www.klaus-janowitz.de\/wordpress\/zur-zukunft-von-social-media\/#breadcrumb","itemListElement":[{"@type":"ListItem","position":1,"name":"Startseite","item":"https:\/\/www.klaus-janowitz.de\/wordpress\/"},{"@type":"ListItem","position":2,"name":"Zur Zukunft von Social Media"}]},{"@type":"WebSite","@id":"https:\/\/www.klaus-janowitz.de\/wordpress\/#website","url":"https:\/\/www.klaus-janowitz.de\/wordpress\/","name":"Netnographie &amp; Digitaler Wandel","description":"Blog rund um die Themen Netnographie, Online-Kultur und Digitalen Wandel","potentialAction":[{"@type":"SearchAction","target":{"@type":"EntryPoint","urlTemplate":"https:\/\/www.klaus-janowitz.de\/wordpress\/?s={search_term_string}"},"query-input":{"@type":"PropertyValueSpecification","valueRequired":true,"valueName":"search_term_string"}}],"inLanguage":"de"}]}},"jetpack_sharing_enabled":true,"jetpack_shortlink":"https:\/\/wp.me\/P15Wn2-B5","jetpack_likes_enabled":true,"jetpack-related-posts":[{"id":11145,"url":"https:\/\/www.klaus-janowitz.de\/wordpress\/10-jahre-social-media-2018\/","url_meta":{"origin":2299,"position":0},"title":"10 Jahre Social Media (2018)","author":"KlausMJan","date":"14. August 2018","format":false,"excerpt":"13\/08\/18\u00a0kmjan Social Media (immer im Plural) sind seit gut 10 Jahren Thema. Damals\u00a0 hatte der Begriff\u00a0 den des Web 2.0 abgel\u00f6st. Web 2.0 war partizipativ konnotiert,\u00a0\u00a0Kennzeichen der Social Media ist User Generated Content auf einer von Betreibern bereitgestellten Plattform. Und letztlich bestimmen die Betreiber auch die Regeln. Teilhabe am Social\u2026","rel":"","context":"\u00c4hnlicher Beitrag","block_context":{"text":"\u00c4hnlicher Beitrag","link":""},"img":{"alt_text":"","src":"https:\/\/i0.wp.com\/www.klaus-janowitz.de\/wordpress\/wp-content\/uploads\/2018\/08\/SocialMediaMap_18_thumb.jpg?resize=350%2C200","width":350,"height":200},"classes":[]},{"id":11433,"url":"https:\/\/www.klaus-janowitz.de\/wordpress\/10-gruende-social-media-accounts-zu-loeschen-rezension\/","url_meta":{"origin":2299,"position":1},"title":"10 Gr\u00fcnde &#8230; Social Media Accounts zu l\u00f6schen (Rezension)","author":"KlausMJan","date":"28. August 2018","format":false,"excerpt":"25\/08\/18\u00a0kmjan Im letzten Blogbeitrag 10 Jahre Social Media kam ich bereits auf das Buch von Jaron Lanier zu sprechen. Zehn Gr\u00fcnde - B\u00fccher\u00a0sind an sich eine Unterabteilung der Ratgeberbranche. Meist geht es um einen zu unternehmenden, entscheidenden Schritt in der Lebensgestaltung, zu dem dann 10 Gr\u00fcnde abgearbeitet werden. Was Jaron\u2026","rel":"","context":"\u00c4hnlicher Beitrag","block_context":{"text":"\u00c4hnlicher Beitrag","link":""},"img":{"alt_text":"","src":"https:\/\/i0.wp.com\/www.klaus-janowitz.de\/wordpress\/wp-content\/uploads\/2018\/07\/Jaron_Lanier-1-195x300.jpeg?resize=350%2C200","width":350,"height":200},"classes":[]},{"id":6271,"url":"https:\/\/www.klaus-janowitz.de\/wordpress\/netnographie-2015\/","url_meta":{"origin":2299,"position":2},"title":"Netnographie 2015 (Rez. zu Netnography:Redifined)","author":"KlausMJan","date":"18. September 2015","format":false,"excerpt":"\u00a016\/09\/15 kmjan Debatten zu\u00a0Online-Themen\u00a0verlaufen oft\u00a0in Hype-Zyklen. Auch wenn es um l\u00e4ngerfristige Forschungsans\u00e4tze geht, haben die Begriffe ihre Konjunktur. Netnographie\u00a0stand gegen Ende des letzten Jahrzehnts als qualitativer Forschungsansatz, der v.a. Consumer\u00a0Insights erm\u00f6glichte, in der Diskussion. In den folgenden Jahren r\u00fcckte der Begriff mit dem Hype von\u00a0Social Media und sp\u00e4ter Big Data\u2026","rel":"","context":"\u00c4hnlicher Beitrag","block_context":{"text":"\u00c4hnlicher Beitrag","link":""},"img":{"alt_text":"netnographyredefined-720x1024","src":"https:\/\/i0.wp.com\/www.klaus-janowitz.de\/wordpress\/wp-content\/uploads\/2015\/08\/netnographyredefined-720x1024-211x300.jpg?resize=350%2C200","width":350,"height":200},"classes":[]},{"id":10090,"url":"https:\/\/www.klaus-janowitz.de\/wordpress\/zukunft-2030\/","url_meta":{"origin":2299,"position":3},"title":"Zukunft 2030 &#8211; Szenarios der Transformation","author":"KlausMJan","date":"5. Juli 2017","format":false,"excerpt":"4\/07\/17\u00a0kmjan Wenn es um Digitalen Wandel bzw.\u00a0Digitale Transformation\u00a0geht es immer auch um Aussagen zur Zukunft. Wohin treibt der Wandel? Wie transformieren sich Systeme?\u00a0Digitale Innovationen haben in den vergangenen Jahrzehnten eine Branche nach der anderen umgekrempelt, \u00a0die \u00f6ffentliche Kommunikation neu definiert, weiterhin treibt Digitalisierung Ver\u00e4nderungen in Wirtschaft und Gesellschaft an. Immer\u2026","rel":"","context":"\u00c4hnlicher Beitrag","block_context":{"text":"\u00c4hnlicher Beitrag","link":""},"img":{"alt_text":"","src":"https:\/\/i0.wp.com\/www.klaus-janowitz.de\/wordpress\/wp-content\/uploads\/2017\/07\/Zukunftslandkarte-277x300.jpg?resize=350%2C200&ssl=1","width":350,"height":200},"classes":[]},{"id":5583,"url":"https:\/\/www.klaus-janowitz.de\/wordpress\/digitaler-wandel-ein-neuer-leitbegriff\/","url_meta":{"origin":2299,"position":4},"title":"Digitaler Wandel &#8211; ein neuer Leitbegriff","author":"KlausMJan","date":"30. April 2015","format":false,"excerpt":"29\/04\/15\u00a0kmjan Das Internet ist schon lange kein\u00a0Neuland mehr und schon gar nicht ein\u00a0Neues Medium*. Vor nunmehr zwei Jahrzehnten, etwa Mitte der 90er Jahre setzte es sich in der Breite durch und um die Jahrtausendwende herum war man dann \"drin\". In den Jahren danach folgten schnellere DSL-Verbindungen mit Flatrates, mit dem\u00a0iPhone\u2026","rel":"","context":"\u00c4hnlicher Beitrag","block_context":{"text":"\u00c4hnlicher Beitrag","link":""},"img":{"alt_text":"Digitaler Wandel ist mehr als technologischer Wandel","src":"https:\/\/i0.wp.com\/www.klaus-janowitz.de\/wordpress\/wp-content\/uploads\/2015\/04\/Firewire_ports-300x161.jpg?resize=350%2C200","width":350,"height":200},"classes":[]},{"id":8266,"url":"https:\/\/www.klaus-janowitz.de\/wordpress\/digitale-transformation-und-digitaler-wandel\/","url_meta":{"origin":2299,"position":5},"title":"Digitale Transformation und Digitaler Wandel","author":"KlausMJan","date":"18. Mai 2016","format":false,"excerpt":"18\/05\/16\u00a0kmjan Digitalisierung ist seit langem ein Megathema \u2013 immer wieder sprechen wir dar\u00fcber unter anderen Leitbegriffen. Seit einigen Jahren\u00a0hei\u00dft es \u201eDigitaler Wandel\u201c bzw. \u201eDigitale Transformation\u201c. Oft werden die beiden Begriffe undifferenziert\u00a0nebeneinander gebraucht. Was unterscheidet sie inhaltlich\u00a0und was bedeuten sie\u00a0f\u00fcr Entwicklung und Trends in Wirtschaft und Gesellschaft? Digitalisierungssch\u00fcbe haben immer wieder\u2026","rel":"","context":"\u00c4hnlicher Beitrag","block_context":{"text":"\u00c4hnlicher Beitrag","link":""},"img":{"alt_text":"","src":"https:\/\/i0.wp.com\/www.klaus-janowitz.de\/wordpress\/wp-content\/uploads\/2016\/05\/IMG_4416-300x300.jpg?resize=350%2C200","width":350,"height":200},"classes":[]}],"_links":{"self":[{"href":"https:\/\/www.klaus-janowitz.de\/wordpress\/wp-json\/wp\/v2\/pages\/2299","targetHints":{"allow":["GET"]}}],"collection":[{"href":"https:\/\/www.klaus-janowitz.de\/wordpress\/wp-json\/wp\/v2\/pages"}],"about":[{"href":"https:\/\/www.klaus-janowitz.de\/wordpress\/wp-json\/wp\/v2\/types\/page"}],"author":[{"embeddable":true,"href":"https:\/\/www.klaus-janowitz.de\/wordpress\/wp-json\/wp\/v2\/users\/1"}],"replies":[{"embeddable":true,"href":"https:\/\/www.klaus-janowitz.de\/wordpress\/wp-json\/wp\/v2\/comments?post=2299"}],"version-history":[{"count":211,"href":"https:\/\/www.klaus-janowitz.de\/wordpress\/wp-json\/wp\/v2\/pages\/2299\/revisions"}],"predecessor-version":[{"id":11060,"href":"https:\/\/www.klaus-janowitz.de\/wordpress\/wp-json\/wp\/v2\/pages\/2299\/revisions\/11060"}],"wp:attachment":[{"href":"https:\/\/www.klaus-janowitz.de\/wordpress\/wp-json\/wp\/v2\/media?parent=2299"}],"curies":[{"name":"wp","href":"https:\/\/api.w.org\/{rel}","templated":true}]}}