{"version":"1.0","provider_name":"Netnographie &amp; Digitaler Wandel","provider_url":"https:\/\/www.klaus-janowitz.de\/wordpress","author_name":"KlausMJan","author_url":"https:\/\/www.klaus-janowitz.de\/wordpress\/author\/klausmjan\/","title":"Neue Medien\u00f6ffentlichkeiten? - Netnographie &amp; Digitaler Wandel","type":"rich","width":600,"height":338,"html":"<blockquote class=\"wp-embedded-content\" data-secret=\"32xf6fxCmc\"><a href=\"https:\/\/www.klaus-janowitz.de\/wordpress\/neue-medienoeffentlichkeiten\/\">Neue Medien\u00f6ffentlichkeiten?<\/a><\/blockquote><iframe sandbox=\"allow-scripts\" security=\"restricted\" src=\"https:\/\/www.klaus-janowitz.de\/wordpress\/neue-medienoeffentlichkeiten\/embed\/#?secret=32xf6fxCmc\" width=\"600\" height=\"338\" title=\"&#8222;Neue Medien\u00f6ffentlichkeiten?&#8220; &#8211; Netnographie &amp; Digitaler Wandel\" data-secret=\"32xf6fxCmc\" frameborder=\"0\" marginwidth=\"0\" marginheight=\"0\" scrolling=\"no\" class=\"wp-embedded-content\"><\/iframe><script>\n\/*! This file is auto-generated *\/\n!function(d,l){\"use strict\";l.querySelector&&d.addEventListener&&\"undefined\"!=typeof URL&&(d.wp=d.wp||{},d.wp.receiveEmbedMessage||(d.wp.receiveEmbedMessage=function(e){var t=e.data;if((t||t.secret||t.message||t.value)&&!\/[^a-zA-Z0-9]\/.test(t.secret)){for(var s,r,n,a=l.querySelectorAll('iframe[data-secret=\"'+t.secret+'\"]'),o=l.querySelectorAll('blockquote[data-secret=\"'+t.secret+'\"]'),c=new RegExp(\"^https?:$\",\"i\"),i=0;i<o.length;i++)o[i].style.display=\"none\";for(i=0;i<a.length;i++)s=a[i],e.source===s.contentWindow&&(s.removeAttribute(\"style\"),\"height\"===t.message?(1e3<(r=parseInt(t.value,10))?r=1e3:~~r<200&&(r=200),s.height=r):\"link\"===t.message&&(r=new URL(s.getAttribute(\"src\")),n=new URL(t.value),c.test(n.protocol))&&n.host===r.host&&l.activeElement===s&&(d.top.location.href=t.value))}},d.addEventListener(\"message\",d.wp.receiveEmbedMessage,!1),l.addEventListener(\"DOMContentLoaded\",function(){for(var e,t,s=l.querySelectorAll(\"iframe.wp-embedded-content\"),r=0;r<s.length;r++)(t=(e=s[r]).getAttribute(\"data-secret\"))||(t=Math.random().toString(36).substring(2,12),e.src+=\"#?secret=\"+t,e.setAttribute(\"data-secret\",t)),e.contentWindow.postMessage({message:\"ready\",secret:t},\"*\")},!1)))}(window,document);\n\/\/# sourceURL=https:\/\/www.klaus-janowitz.de\/wordpress\/wp-includes\/js\/wp-embed.min.js\n<\/script>\n","description":"Was bleibt von \u00d6ffentlichkeit in einer Zeit, in der der \u00f6ffentliche Raum zeitweise stillgelegt ist? Gibt es ein Exil im Netz bzw. einen Schub in der Entwicklung von Formaten? Welche\u00a0 Impulse gehen davon aus? \u00d6ffentlichkeit soll als der Ort verstanden werden, an dem gesellschaftlicher Austausch, Konsens, eine \u00f6ffentliche Meinung heranw\u00e4chst bzw. ausgehandelt wird. Medien- \u00f6ffentlichkeit &hellip; \u201e\u201c weiterlesen","thumbnail_url":"https:\/\/www.klaus-janowitz.de\/wordpress\/wp-content\/uploads\/2021\/01\/IMG_7698-300x300.jpg"}

Neue Medienöffentlichkeiten? - Netnographie &amp; Digitaler Wandel

<blockquote class="wp-embedded-content" data-secret="32xf6fxCmc"><a href="https://www.klaus-janowitz.de/wordpress/neue-medienoeffentlichkeiten/">Neue Medienöffentlichkeiten?</a></blockquote><iframe sandbox="allow-scripts" security="restricted" src="https://www.klaus-janowitz.de/wordpress/neue-medienoeffentlichkeiten/embed/#?secret=32xf6fxCmc" width="600" height="338" title="&#8222;Neue Medienöffentlichkeiten?&#8220; &#8211; Netnographie &amp; Digitaler Wandel" data-secret="32xf6fxCmc" frameborder="0" marginwidth="0" marginheight="0" scrolling="no" class="wp-embedded-content"></iframe><script>
/*! This file is auto-generated */
!function(d,l){"use strict";l.querySelector&&d.addEventListener&&"undefined"!=typeof URL&&(d.wp=d.wp||{},d.wp.receiveEmbedMessage||(d.wp.receiveEmbedMessage=function(e){var t=e.data;if((t||t.secret||t.message||t.value)&&!/[^a-zA-Z0-9]/.test(t.secret)){for(var s,r,n,a=l.querySelectorAll('iframe[data-secret="'+t.secret+'"]'),o=l.querySelectorAll('blockquote[data-secret="'+t.secret+'"]'),c=new RegExp("^https?:$","i"),i=0;i<o.length;i++)o[i].style.display="none";for(i=0;i<a.length;i++)s=a[i],e.source===s.contentWindow&&(s.removeAttribute("style"),"height"===t.message?(1e3<(r=parseInt(t.value,10))?r=1e3:~~r<200&&(r=200),s.height=r):"link"===t.message&&(r=new URL(s.getAttribute("src")),n=new URL(t.value),c.test(n.protocol))&&n.host===r.host&&l.activeElement===s&&(d.top.location.href=t.value))}},d.addEventListener("message",d.wp.receiveEmbedMessage,!1),l.addEventListener("DOMContentLoaded",function(){for(var e,t,s=l.querySelectorAll("iframe.wp-embedded-content"),r=0;r<s.length;r++)(t=(e=s[r]).getAttribute("data-secret"))||(t=Math.random().toString(36).substring(2,12),e.src+="#?secret="+t,e.setAttribute("data-secret",t)),e.contentWindow.postMessage({message:"ready",secret:t},"*")},!1)))}(window,document);
//# sourceURL=https://www.klaus-janowitz.de/wordpress/wp-includes/js/wp-embed.min.js
</script>

Was bleibt von Öffentlichkeit in einer Zeit, in der der öffentliche Raum zeitweise stillgelegt ist? Gibt es ein Exil im Netz bzw. einen Schub in der Entwicklung von Formaten? Welche  Impulse gehen davon aus? Öffentlichkeit soll als der Ort verstanden werden, an dem gesellschaftlicher Austausch, Konsens, eine öffentliche Meinung heranwächst bzw. ausgehandelt wird. Medien- öffentlichkeit &hellip; „“ weiterlesen
